Last updated on 2023-09-28 08:58:46 CEST.
Flavor | Version | Tinstall | Tcheck | Ttotal | Status | Flags |
---|---|---|---|---|---|---|
r-devel-linux-x86_64-debian-clang | 1.0.6 | 6.87 | 50.36 | 57.23 | NOTE | |
r-devel-linux-x86_64-debian-gcc | 1.0.6 | 4.83 | 37.06 | 41.89 | NOTE | |
r-devel-linux-x86_64-fedora-clang | 1.0.6 | 70.24 | NOTE | |||
r-devel-linux-x86_64-fedora-gcc | 1.0.6 | 67.82 | NOTE | |||
r-devel-windows-x86_64 | 1.0.6 | 7.00 | 56.00 | 63.00 | NOTE | |
r-patched-linux-x86_64 | 1.0.6 | 6.10 | 48.38 | 54.48 | NOTE | |
r-release-linux-x86_64 | 1.0.6 | 4.01 | 47.94 | 51.95 | NOTE | |
r-release-macos-arm64 | 1.0.6 | 26.00 | NOTE | |||
r-release-macos-x86_64 | 1.0.6 | 36.00 | NOTE | |||
r-release-windows-x86_64 | 1.0.6 | 9.00 | 64.00 | 73.00 | NOTE | |
r-oldrel-macos-arm64 | 1.0.6 | 25.00 | OK | |||
r-oldrel-macos-x86_64 | 1.0.6 | 32.00 | OK | |||
r-oldrel-windows-x86_64 | 1.0.6 | 9.00 | 64.00 | 73.00 | OK |
Version: 1.0.6
Check: package subdirectories
Result: NOTE
Problems with news in ‘NEWS.md’:
No news entries found.
Flavors: r-devel-linux-x86_64-debian-clang, r-devel-linux-x86_64-debian-gcc, r-devel-linux-x86_64-fedora-clang, r-devel-linux-x86_64-fedora-gcc, r-devel-windows-x86_64, r-patched-linux-x86_64, r-release-linux-x86_64, r-release-macos-arm64, r-release-macos-x86_64, r-release-windows-x86_64