Last updated on 2023-09-29 08:53:54 CEST.
Flavor | Version | Tinstall | Tcheck | Ttotal | Status | Flags |
---|---|---|---|---|---|---|
r-devel-linux-x86_64-debian-clang | 0.1.0 | 13.51 | 137.57 | 151.08 | OK | |
r-devel-linux-x86_64-debian-gcc | 0.1.0 | 11.39 | 100.08 | 111.47 | OK | |
r-devel-linux-x86_64-fedora-clang | 0.1.0 | 185.48 | NOTE | |||
r-devel-linux-x86_64-fedora-gcc | 0.1.0 | 195.23 | NOTE | |||
r-devel-windows-x86_64 | 0.1.0 | 13.00 | 109.00 | 122.00 | OK | |
r-patched-linux-x86_64 | 0.1.0 | 12.27 | 124.12 | 136.39 | OK | |
r-release-linux-x86_64 | 0.1.0 | 12.46 | 128.25 | 140.71 | OK | |
r-release-macos-arm64 | 0.1.0 | 63.00 | OK | |||
r-release-macos-x86_64 | 0.1.0 | 88.00 | OK | |||
r-release-windows-x86_64 | 0.1.0 | 17.00 | 134.00 | 151.00 | OK | |
r-oldrel-macos-arm64 | 0.1.0 | 46.00 | OK | |||
r-oldrel-macos-x86_64 | 0.1.0 | 71.00 | OK | |||
r-oldrel-windows-x86_64 | 0.1.0 | 17.00 | 132.00 | 149.00 | OK |
Version: 0.1.0
Check: dependencies in R code
Result: NOTE
Namespaces in Imports field not imported from:
‘CBPS’ ‘spelling’
All declared Imports should be used.
Flavors: r-devel-linux-x86_64-fedora-clang, r-devel-linux-x86_64-fedora-gcc