Last updated on 2024-03-28 19:48:26 CET.
Flavor | Version | Tinstall | Tcheck | Ttotal | Status | Flags |
---|---|---|---|---|---|---|
r-devel-linux-x86_64-debian-clang | 1.1.1 | 35.99 | 331.77 | 367.76 | NOTE | |
r-devel-linux-x86_64-debian-gcc | 1.1.1 | 25.55 | 245.23 | 270.78 | NOTE | |
r-devel-linux-x86_64-fedora-clang | 1.1.1 | 481.57 | NOTE | |||
r-devel-linux-x86_64-fedora-gcc | 1.1.1 | 471.44 | NOTE | |||
r-devel-windows-x86_64 | 1.1.1 | 28.00 | 249.00 | 277.00 | NOTE | |
r-patched-linux-x86_64 | 1.1.1 | 33.42 | 320.67 | 354.09 | NOTE | |
r-release-linux-x86_64 | 1.1.1 | 34.46 | 334.73 | 369.19 | OK | |
r-release-macos-arm64 | 1.1.1 | 129.00 | OK | |||
r-release-macos-x86_64 | 1.1.1 | 264.00 | OK | |||
r-release-windows-x86_64 | 1.1.1 | 37.00 | 314.00 | 351.00 | OK | |
r-oldrel-macos-arm64 | 1.1.1 | 120.00 | OK | |||
r-oldrel-windows-x86_64 | 1.1.1 | 41.00 | 300.00 | 341.00 | OK |
Version: 1.1.1
Check: Rd files
Result: NOTE
checkRd: (-1) gen.sim.data.Rd:73: Lost braces; missing escapes or markup?
73 | Y = X_0 Beta_0^T + X_1 Beta_1^T + Z Gamma^T + E Sigma^{1/2},
| ^
Flavors: r-devel-linux-x86_64-debian-clang, r-devel-linux-x86_64-debian-gcc, r-devel-linux-x86_64-fedora-clang, r-devel-linux-x86_64-fedora-gcc, r-devel-windows-x86_64, r-patched-linux-x86_64