Last updated on 2023-12-03 07:51:51 CET.
Flavor | Version | Tinstall | Tcheck | Ttotal | Status | Flags |
---|---|---|---|---|---|---|
r-devel-linux-x86_64-debian-clang | 1.5.0 | 241.79 | 148.64 | 390.43 | NOTE | |
r-devel-linux-x86_64-debian-gcc | 1.5.0 | 146.03 | 109.99 | 256.02 | NOTE | |
r-devel-linux-x86_64-fedora-clang | 1.5.0 | 572.35 | NOTE | |||
r-devel-linux-x86_64-fedora-gcc | 1.5.0 | 527.70 | NOTE | |||
r-devel-windows-x86_64 | 1.5.0 | 183.00 | 153.00 | 336.00 | NOTE | |
r-patched-linux-x86_64 | 1.5.0 | 190.05 | 142.90 | 332.95 | NOTE | |
r-release-linux-x86_64 | 1.5.0 | 186.70 | 143.31 | 330.01 | NOTE | |
r-release-macos-arm64 | 1.5.0 | 129.00 | NOTE | |||
r-release-macos-x86_64 | 1.5.0 | 193.00 | NOTE | |||
r-release-windows-x86_64 | 1.5.0 | 235.00 | 186.00 | 421.00 | NOTE | |
r-oldrel-macos-arm64 | 1.5.0 | 111.00 | NOTE | |||
r-oldrel-macos-x86_64 | 1.5.0 | 158.00 | NOTE | |||
r-oldrel-windows-x86_64 | 1.5.0 | 216.00 | 163.00 | 379.00 | NOTE |
Version: 1.5.0
Check: C++ specification
Result: NOTE
Specified C++11: please drop specification unless essential
Flavors: r-devel-linux-x86_64-debian-clang, r-devel-linux-x86_64-debian-gcc, r-devel-linux-x86_64-fedora-clang, r-devel-linux-x86_64-fedora-gcc, r-devel-windows-x86_64, r-patched-linux-x86_64, r-release-linux-x86_64, r-release-macos-arm64, r-release-macos-x86_64, r-release-windows-x86_64
Version: 1.5.0
Check: for GNU extensions in Makefiles
Result: NOTE
GNU make is a SystemRequirements.
Flavors: r-devel-linux-x86_64-debian-clang, r-devel-linux-x86_64-debian-gcc, r-devel-linux-x86_64-fedora-clang, r-devel-linux-x86_64-fedora-gcc, r-devel-windows-x86_64, r-patched-linux-x86_64, r-release-linux-x86_64, r-release-macos-arm64, r-release-macos-x86_64, r-release-windows-x86_64, r-oldrel-macos-arm64, r-oldrel-macos-x86_64, r-oldrel-windows-x86_64
Version: 1.5.0
Check: installed package size
Result: NOTE
installed size is 7.7Mb
sub-directories of 1Mb or more:
libs 6.8Mb
Flavors: r-release-macos-arm64, r-release-macos-x86_64, r-oldrel-macos-arm64, r-oldrel-macos-x86_64