Last updated on 2023-10-04 08:01:33 CEST.
Flavor | Version | Tinstall | Tcheck | Ttotal | Status | Flags |
---|---|---|---|---|---|---|
r-devel-linux-x86_64-debian-clang | 0.10.3 | 13.87 | 391.46 | 405.33 | OK | |
r-devel-linux-x86_64-debian-gcc | 0.10.3 | 12.20 | 281.12 | 293.32 | OK | |
r-devel-linux-x86_64-fedora-clang | 0.10.3 | 491.75 | NOTE | |||
r-devel-linux-x86_64-fedora-gcc | 0.10.3 | 463.06 | OK | |||
r-devel-windows-x86_64 | 0.10.3 | 14.00 | 291.00 | 305.00 | NOTE | |
r-patched-linux-x86_64 | 0.10.3 | 20.25 | 316.49 | 336.74 | OK | |
r-release-linux-x86_64 | 0.10.3 | 16.18 | 352.43 | 368.61 | OK | |
r-release-macos-arm64 | 0.10.3 | 153.00 | NOTE | |||
r-release-macos-x86_64 | 0.10.3 | 261.00 | NOTE | |||
r-release-windows-x86_64 | 0.10.3 | 21.00 | 369.00 | 390.00 | NOTE | |
r-oldrel-macos-arm64 | 0.10.3 | 179.00 | NOTE | |||
r-oldrel-macos-x86_64 | 0.10.3 | 202.00 | NOTE | |||
r-oldrel-windows-x86_64 | 0.10.3 | 19.00 | 360.00 | 379.00 | NOTE |
Version: 0.10.3
Check: installed package size
Result: NOTE
installed size is 5.8Mb
sub-directories of 1Mb or more:
doc 4.6Mb
Flavors: r-devel-linux-x86_64-fedora-clang, r-devel-windows-x86_64, r-release-macos-arm64, r-release-macos-x86_64, r-release-windows-x86_64, r-oldrel-macos-arm64, r-oldrel-macos-x86_64, r-oldrel-windows-x86_64