Last updated on 2024-03-29 07:54:39 CET.
Flavor | Version | Tinstall | Tcheck | Ttotal | Status | Flags |
---|---|---|---|---|---|---|
r-devel-linux-x86_64-debian-clang | 2.0.3 | 23.55 | 319.51 | 343.06 | OK | |
r-devel-linux-x86_64-debian-gcc | 2.0.3 | 20.36 | 246.55 | 266.91 | OK | |
r-devel-linux-x86_64-fedora-clang | 2.0.3 | 454.58 | OK | |||
r-devel-linux-x86_64-fedora-gcc | 2.0.3 | 439.20 | OK | |||
r-devel-windows-x86_64 | 2.0.3 | 22.00 | 131.00 | 153.00 | ERROR | |
r-patched-linux-x86_64 | 2.0.3 | 23.52 | 309.90 | 333.42 | OK | |
r-release-linux-x86_64 | 2.0.3 | 16.16 | 311.36 | 327.52 | OK | |
r-release-macos-arm64 | 2.0.3 | 141.00 | OK | |||
r-release-macos-x86_64 | 2.0.3 | 360.00 | OK | |||
r-release-windows-x86_64 | 2.0.3 | 30.00 | 323.00 | 353.00 | OK | |
r-oldrel-macos-arm64 | 2.0.3 | 143.00 | OK | |||
r-oldrel-windows-x86_64 | 2.0.3 | 32.00 | 337.00 | 369.00 | OK |
Version: 2.0.3
Check: tests
Result: ERROR
Running 'testthat.R' [4s]
Running the tests in 'tests/testthat.R' failed.
Complete output:
> library(testthat)
> library(caretEnsemble)
>
> test_check("caretEnsemble")
Flavor: r-devel-windows-x86_64
Version: 2.0.3
Check: re-building of vignette outputs
Result: ERROR
Error(s) in re-building vignettes:
--- re-building 'caretEnsemble-intro.Rmd' using rmarkdown
Flavor: r-devel-windows-x86_64