Last updated on 2023-10-04 08:01:33 CEST.
Flavor | Version | Tinstall | Tcheck | Ttotal | Status | Flags |
---|---|---|---|---|---|---|
r-devel-linux-x86_64-debian-clang | 2.0.1 | 15.36 | 244.96 | 260.32 | OK | |
r-devel-linux-x86_64-debian-gcc | 2.0.1 | 13.57 | 184.26 | 197.83 | OK | |
r-devel-linux-x86_64-fedora-clang | 2.0.1 | 322.26 | OK | |||
r-devel-linux-x86_64-fedora-gcc | 2.0.1 | 328.27 | OK | |||
r-devel-windows-x86_64 | 2.0.1 | 34.00 | 479.00 | 513.00 | OK | |
r-patched-linux-x86_64 | 2.0.1 | 17.17 | 246.56 | 263.73 | OK | |
r-release-linux-x86_64 | 2.0.1 | 15.78 | 248.30 | 264.08 | OK | |
r-release-macos-arm64 | 2.0.1 | 77.00 | OK | |||
r-release-macos-x86_64 | 2.0.1 | 178.00 | OK | |||
r-release-windows-x86_64 | 2.0.1 | 31.00 | 352.00 | 383.00 | OK | |
r-oldrel-macos-arm64 | 2.0.1 | 62.00 | OK | |||
r-oldrel-macos-x86_64 | 2.0.1 | 98.00 | NOTE | |||
r-oldrel-windows-x86_64 | 2.0.1 | 29.00 | 331.00 | 360.00 | OK |
Version: 2.0.1
Check: whether the namespace can be loaded with stated dependencies
Result: NOTE
Warning in py_initialize(config$python, config$libpython, config$pythonhome, :
Python 2 reached EOL on January 1, 2020. Python 2 compatability will be removed in an upcoming reticulate release.
A namespace must be able to be loaded with just the base namespace
loaded: otherwise if the namespace gets loaded by a saved object, the
session will be unable to start.
Probably some imports need to be declared in the NAMESPACE file.
Flavor: r-oldrel-macos-x86_64