Last updated on 2023-10-03 08:04:45 CEST.
Flavor | Version | Tinstall | Tcheck | Ttotal | Status | Flags |
---|---|---|---|---|---|---|
r-devel-linux-x86_64-debian-clang | 0.5.0 | 16.58 | 431.06 | 447.64 | OK | |
r-devel-linux-x86_64-debian-gcc | 0.5.0 | 13.60 | 301.06 | 314.66 | OK | |
r-devel-linux-x86_64-fedora-clang | 0.5.0 | 511.43 | NOTE | |||
r-devel-linux-x86_64-fedora-gcc | 0.5.0 | 546.58 | NOTE | |||
r-devel-windows-x86_64 | 0.5.0 | 14.00 | 297.00 | 311.00 | OK | |
r-patched-linux-x86_64 | 0.5.0 | 10.47 | 383.73 | 394.20 | OK | |
r-release-linux-x86_64 | 0.5.0 | 10.91 | 374.92 | 385.83 | OK | |
r-release-macos-arm64 | 0.5.0 | 196.00 | OK | |||
r-release-macos-x86_64 | 0.5.0 | 305.00 | OK | |||
r-release-windows-x86_64 | 0.5.0 | 21.00 | 396.00 | 417.00 | OK | |
r-oldrel-macos-arm64 | 0.5.0 | 143.00 | OK | |||
r-oldrel-macos-x86_64 | 0.5.0 | 193.00 | OK | |||
r-oldrel-windows-x86_64 | 0.5.0 | 20.00 | 395.00 | 415.00 | OK |
Version: 0.5.0
Check: data for non-ASCII characters
Result: NOTE
Note: found 58 marked UTF-8 strings
Flavors: r-devel-linux-x86_64-fedora-clang, r-devel-linux-x86_64-fedora-gcc