CRAN Package Check Results for Package caffsim

Last updated on 2023-09-30 08:00:24 CEST.

Flavor Version Tinstall Tcheck Ttotal Status Flags
r-devel-linux-x86_64-debian-clang 0.2.2 12.70 108.67 121.37 OK
r-devel-linux-x86_64-debian-gcc 0.2.2 10.38 79.98 90.36 OK
r-devel-linux-x86_64-fedora-clang 0.2.2 141.39 NOTE
r-devel-linux-x86_64-fedora-gcc 0.2.2 140.04 NOTE
r-devel-windows-x86_64 0.2.2 12.00 91.00 103.00 OK
r-patched-linux-x86_64 0.2.2 12.15 102.25 114.40 OK
r-release-linux-x86_64 0.2.2 12.80 102.00 114.80 OK
r-release-macos-arm64 0.2.2 45.00 OK
r-release-macos-x86_64 0.2.2 64.00 OK
r-release-windows-x86_64 0.2.2 15.00 111.00 126.00 OK
r-oldrel-macos-arm64 0.2.2 45.00 NOTE
r-oldrel-macos-x86_64 0.2.2 89.00 NOTE
r-oldrel-windows-x86_64 0.2.2 17.00 112.00 129.00 OK

Check Details

Version: 0.2.2
Check: dependencies in R code
Result: NOTE
    Namespace in Imports field not imported from: ‘markdown’
     All declared Imports should be used.
Flavors: r-devel-linux-x86_64-fedora-clang, r-devel-linux-x86_64-fedora-gcc, r-oldrel-macos-arm64, r-oldrel-macos-x86_64