CRAN Package Check Results for Package cabinets

Last updated on 2024-03-03 18:49:49 CET.

Flavor Version Tinstall Tcheck Ttotal Status Flags
r-devel-linux-x86_64-debian-clang 0.6.0 3.50 28.17 31.67 NOTE
r-devel-linux-x86_64-debian-gcc 0.6.0 2.45 22.07 24.52 NOTE
r-devel-linux-x86_64-fedora-clang 0.6.0 40.31 NOTE
r-devel-linux-x86_64-fedora-gcc 0.6.0 39.11 NOTE
r-devel-windows-x86_64 0.6.0 4.00 43.00 47.00 NOTE
r-patched-linux-x86_64 0.6.0 3.67 27.90 31.57 NOTE
r-release-linux-x86_64 0.6.0 3.61 27.74 31.35 NOTE
r-release-macos-arm64 0.6.0 20.00 NOTE
r-release-macos-x86_64 0.6.0 24.00 NOTE
r-release-windows-x86_64 0.6.0 5.00 46.00 51.00 NOTE
r-oldrel-macos-arm64 0.6.0 17.00 NOTE
r-oldrel-windows-x86_64 0.6.0 5.00 50.00 55.00 NOTE

Check Details

Version: 0.6.0
Check: LazyData
Result: NOTE 'LazyData' is specified without a 'data' directory Flavors: r-devel-linux-x86_64-debian-clang, r-devel-linux-x86_64-debian-gcc, r-devel-linux-x86_64-fedora-clang, r-devel-linux-x86_64-fedora-gcc, r-devel-windows-x86_64, r-patched-linux-x86_64, r-release-linux-x86_64, r-release-macos-arm64, r-release-macos-x86_64, r-release-windows-x86_64, r-oldrel-macos-arm64, r-oldrel-windows-x86_64