CRAN Package Check Results for Package cabinets

Last updated on 2025-01-23 19:49:19 CET.

Flavor Version Tinstall Tcheck Ttotal Status Flags
r-devel-linux-x86_64-debian-clang 0.6.0 2.86 22.96 25.82 OK
r-devel-linux-x86_64-debian-gcc 0.6.0 1.69 18.10 19.79 OK
r-devel-linux-x86_64-fedora-clang 0.6.0 41.01 OK
r-devel-linux-x86_64-fedora-gcc 0.6.0 39.18 OK
r-devel-windows-x86_64 0.6.0 4.00 46.00 50.00 OK
r-patched-linux-x86_64 0.6.0 2.79 22.03 24.82 NOTE
r-release-linux-x86_64 0.6.0 2.37 21.36 23.73 NOTE
r-release-macos-arm64 0.6.0 20.00 NOTE
r-release-macos-x86_64 0.6.0 27.00 NOTE
r-release-windows-x86_64 0.6.0 4.00 46.00 50.00 NOTE
r-oldrel-macos-arm64 0.6.0 20.00 NOTE
r-oldrel-macos-x86_64 0.6.0 24.00 NOTE
r-oldrel-windows-x86_64 0.6.0 4.00 50.00 54.00 NOTE

Check Details

Version: 0.6.0
Check: LazyData
Result: NOTE 'LazyData' is specified without a 'data' directory Flavors: r-patched-linux-x86_64, r-release-linux-x86_64, r-release-macos-arm64, r-release-macos-x86_64, r-release-windows-x86_64, r-oldrel-macos-arm64, r-oldrel-macos-x86_64, r-oldrel-windows-x86_64