Last updated on 2024-04-23 19:50:40 CEST.
Flavor | Version | Tinstall | Tcheck | Ttotal | Status | Flags |
---|---|---|---|---|---|---|
r-devel-linux-x86_64-debian-clang | 1.18.2 | 6.59 | 41.91 | 48.50 | NOTE | |
r-devel-linux-x86_64-debian-gcc | 1.18.2 | 4.72 | 31.05 | 35.77 | NOTE | |
r-devel-linux-x86_64-fedora-clang | 1.18.2 | 61.37 | NOTE | |||
r-devel-linux-x86_64-fedora-gcc | 1.18.2 | 60.35 | NOTE | |||
r-prerel-macos-arm64 | 1.18.2 | 20.00 | NOTE | |||
r-prerel-windows-x86_64 | 1.18.2 | 11.00 | 58.00 | 69.00 | NOTE | |
r-patched-linux-x86_64 | 1.18.2 | 8.25 | 40.33 | 48.58 | NOTE | |
r-release-linux-x86_64 | 1.18.2 | 6.83 | 40.43 | 47.26 | OK | |
r-release-macos-arm64 | 1.18.2 | 26.00 | OK | |||
r-release-macos-x86_64 | 1.18.2 | 41.00 | OK | |||
r-release-windows-x86_64 | 1.18.2 | 11.00 | 63.00 | 74.00 | OK | |
r-oldrel-macos-arm64 | 1.18.2 | 27.00 | OK | |||
r-oldrel-windows-x86_64 | 1.18.2 | 11.00 | 61.00 | 72.00 | OK |
Version: 1.18.2
Check: Rd files
Result: NOTE
checkRd: (-1) colAUC.Rd:79: Lost braces
79 | Meteorol. Soc. textbf{30} 291-303.
| ^
Flavors: r-devel-linux-x86_64-debian-clang, r-devel-linux-x86_64-debian-gcc, r-devel-linux-x86_64-fedora-clang, r-devel-linux-x86_64-fedora-gcc, r-prerel-macos-arm64, r-prerel-windows-x86_64, r-patched-linux-x86_64
Version: 1.18.2
Check: Rd cross-references
Result: NOTE
Undeclared packages ‘pixmap’, ‘XML’, ‘exactRankTests’, ‘coin’, ‘ROCR’, ‘Epi’, ‘verification’, ‘Hmisc’, ‘gtools’, ‘magic’, ‘zoo’ in Rd xrefs
Flavor: r-devel-linux-x86_64-fedora-clang