Last updated on 2024-04-19 07:56:37 CEST.
Flavor | Version | Tinstall | Tcheck | Ttotal | Status | Flags |
---|---|---|---|---|---|---|
r-devel-linux-x86_64-debian-clang | 0.71.1 | 9.05 | 49.86 | 58.91 | NOTE | |
r-devel-linux-x86_64-debian-gcc | 0.71.1 | NOTE | ||||
r-devel-linux-x86_64-fedora-clang | 0.71.1 | 70.94 | NOTE | |||
r-devel-linux-x86_64-fedora-gcc | 0.71.1 | 65.97 | NOTE | |||
r-prerel-macos-arm64 | 0.71.1 | 23.00 | NOTE | |||
r-prerel-windows-x86_64 | 0.71.1 | 6.00 | 61.00 | 67.00 | NOTE | |
r-patched-linux-x86_64 | 0.71.1 | 8.26 | 46.29 | 54.55 | NOTE | |
r-release-linux-x86_64 | 0.71.1 | 6.92 | 47.30 | 54.22 | OK | |
r-release-macos-arm64 | 0.71.1 | 23.00 | OK | |||
r-release-macos-x86_64 | 0.71.1 | 37.00 | OK | |||
r-release-windows-x86_64 | 0.71.1 | 9.00 | 65.00 | 74.00 | OK | |
r-oldrel-macos-arm64 | 0.71.1 | 25.00 | OK | |||
r-oldrel-windows-x86_64 | 0.71.1 | 8.00 | 68.00 | 76.00 | OK |
Version: 0.71.1
Check: Rd files
Result: NOTE
checkRd: (-1) plot.ca.rd:53: Lost braces in \itemize; meant \describe ?
checkRd: (-1) plot.ca.rd:56: Lost braces in \itemize; meant \describe ?
checkRd: (-1) plot.ca.rd:59: Lost braces in \itemize; meant \describe ?
checkRd: (-1) plot.ca.rd:62: Lost braces in \itemize; meant \describe ?
checkRd: (-1) plot.mjca.rd:57: Lost braces in \itemize; meant \describe ?
checkRd: (-1) plot.mjca.rd:60: Lost braces in \itemize; meant \describe ?
checkRd: (-1) plot.mjca.rd:63: Lost braces in \itemize; meant \describe ?
checkRd: (-1) plot.mjca.rd:66: Lost braces in \itemize; meant \describe ?
Flavors: r-devel-linux-x86_64-debian-clang, r-devel-linux-x86_64-debian-gcc, r-devel-linux-x86_64-fedora-clang, r-devel-linux-x86_64-fedora-gcc, r-prerel-macos-arm64, r-prerel-windows-x86_64, r-patched-linux-x86_64