Last updated on 2024-03-28 19:48:26 CET.
Flavor | Version | Tinstall | Tcheck | Ttotal | Status | Flags |
---|---|---|---|---|---|---|
r-devel-linux-x86_64-debian-clang | 1.10.11 | 17.29 | 199.53 | 216.82 | NOTE | |
r-devel-linux-x86_64-debian-gcc | 1.10.11 | 16.70 | 145.06 | 161.76 | NOTE | |
r-devel-linux-x86_64-fedora-clang | 1.10.11 | 262.88 | NOTE | |||
r-devel-linux-x86_64-fedora-gcc | 1.10.11 | 259.74 | NOTE | |||
r-devel-windows-x86_64 | 1.10.11 | 16.00 | 157.00 | 173.00 | NOTE | |
r-patched-linux-x86_64 | 1.10.11 | 16.60 | 190.24 | 206.84 | NOTE | |
r-release-linux-x86_64 | 1.10.11 | 23.58 | 190.71 | 214.29 | OK | |
r-release-macos-arm64 | 1.10.11 | 132.00 | OK | |||
r-release-macos-x86_64 | 1.10.11 | 169.00 | OK | |||
r-release-windows-x86_64 | 1.10.11 | 25.00 | 197.00 | 222.00 | OK | |
r-oldrel-macos-arm64 | 1.10.11 | 73.00 | OK | |||
r-oldrel-windows-x86_64 | 1.10.11 | 28.00 | 192.00 | 220.00 | OK |
Version: 1.10.11
Check: Rd files
Result: NOTE
checkRd: (-1) gof-statistics.Rd:192: Lost braces
192 | Users can create their own statistics for use with the code{gof} methods. To
| ^
Flavors: r-devel-linux-x86_64-debian-clang, r-devel-linux-x86_64-debian-gcc, r-devel-linux-x86_64-fedora-clang, r-devel-linux-x86_64-fedora-gcc, r-devel-windows-x86_64, r-patched-linux-x86_64
Version: 1.10.11
Check: data for non-ASCII characters
Result: NOTE
Note: found 89 marked UTF-8 strings
Flavors: r-devel-linux-x86_64-fedora-clang, r-devel-linux-x86_64-fedora-gcc