Last updated on 2024-03-29 07:54:39 CET.
Flavor | Version | Tinstall | Tcheck | Ttotal | Status | Flags |
---|---|---|---|---|---|---|
r-devel-linux-x86_64-debian-clang | 0.2.0 | 93.50 | 152.86 | 246.36 | NOTE | |
r-devel-linux-x86_64-debian-gcc | 0.2.0 | 73.09 | 115.71 | 188.80 | NOTE | |
r-devel-linux-x86_64-fedora-clang | 0.2.0 | 348.15 | NOTE | |||
r-devel-linux-x86_64-fedora-gcc | 0.2.0 | 350.05 | NOTE | |||
r-devel-windows-x86_64 | 0.2.0 | 84.00 | 152.00 | 236.00 | WARN | |
r-patched-linux-x86_64 | 0.2.0 | 93.97 | 147.81 | 241.78 | NOTE | |
r-release-linux-x86_64 | 0.2.0 | 89.26 | 147.27 | 236.53 | NOTE | |
r-release-macos-arm64 | 0.2.0 | 96.00 | NOTE | |||
r-release-macos-x86_64 | 0.2.0 | 156.00 | NOTE | |||
r-release-windows-x86_64 | 0.2.0 | 99.00 | 179.00 | 278.00 | NOTE | |
r-oldrel-macos-arm64 | 0.2.0 | 89.00 | OK | |||
r-oldrel-windows-x86_64 | 0.2.0 | 97.00 | 193.00 | 290.00 | OK |
Version: 0.2.0
Check: C++ specification
Result: NOTE
Specified C++11: please drop specification unless essential
Flavors: r-devel-linux-x86_64-debian-clang, r-devel-linux-x86_64-debian-gcc, r-devel-linux-x86_64-fedora-clang, r-devel-linux-x86_64-fedora-gcc, r-devel-windows-x86_64, r-patched-linux-x86_64, r-release-linux-x86_64, r-release-macos-arm64, r-release-macos-x86_64, r-release-windows-x86_64
Version: 0.2.0
Check: whether package can be installed
Result: WARN
Found the following significant warnings:
Warning: package 'dplyr' was built under R version 4.5.0
See 'd:/Rcompile/CRANpkg/local/4.4/btb.Rcheck/00install.out' for details.
* used C compiler: 'gcc.exe (GCC) 13.2.0'
* used C++ compiler: 'g++.exe (GCC) 13.2.0'
Flavor: r-devel-windows-x86_64