Last updated on 2023-06-04 08:57:05 CEST.
Flavor | Version | Tinstall | Tcheck | Ttotal | Status | Flags |
---|---|---|---|---|---|---|
r-devel-linux-x86_64-debian-clang | 1.0.0 | 180.27 | 66.12 | 246.39 | NOTE | |
r-devel-linux-x86_64-debian-gcc | 1.0.0 | 144.18 | 50.89 | 195.07 | NOTE | |
r-devel-linux-x86_64-fedora-clang | 1.0.0 | 365.82 | NOTE | |||
r-devel-linux-x86_64-fedora-gcc | 1.0.0 | 367.21 | NOTE | |||
r-devel-windows-x86_64 | 1.0.0 | 137.00 | 106.00 | 243.00 | NOTE | |
r-patched-linux-x86_64 | 1.0.0 | 158.27 | 63.39 | 221.66 | NOTE | |
r-release-linux-x86_64 | 1.0.0 | 150.12 | 63.18 | 213.30 | NOTE | |
r-release-macos-arm64 | 1.0.0 | 94.00 | NOTE | |||
r-release-macos-x86_64 | 1.0.0 | 164.00 | NOTE | |||
r-release-windows-x86_64 | 1.0.0 | 173.00 | 121.00 | 294.00 | NOTE | |
r-oldrel-macos-arm64 | 1.0.0 | 95.00 | NOTE | |||
r-oldrel-macos-x86_64 | 1.0.0 | 112.00 | NOTE | |||
r-oldrel-windows-x86_64 | 1.0.0 | 172.00 | 107.00 | 279.00 | OK |
Version: 1.0.0
Check: C++ specification
Result: NOTE
Specified C++11: please drop specification unless essential
Flavors: r-devel-linux-x86_64-debian-clang, r-devel-linux-x86_64-debian-gcc, r-devel-linux-x86_64-fedora-clang, r-devel-linux-x86_64-fedora-gcc, r-devel-windows-x86_64, r-patched-linux-x86_64, r-release-linux-x86_64, r-release-macos-arm64, r-release-macos-x86_64, r-release-windows-x86_64
Version: 1.0.0
Check: installed package size
Result: NOTE
installed size is 8.5Mb
sub-directories of 1Mb or more:
libs 7.7Mb
Flavors: r-release-macos-arm64, r-release-macos-x86_64, r-oldrel-macos-arm64, r-oldrel-macos-x86_64