Last updated on 2023-06-01 08:55:57 CEST.
Flavor | Version | Tinstall | Tcheck | Ttotal | Status | Flags |
---|---|---|---|---|---|---|
r-devel-linux-x86_64-debian-clang | 2.0.1 | 730.09 | 494.70 | 1224.79 | NOTE | |
r-devel-linux-x86_64-debian-gcc | 2.0.1 | 567.87 | 303.79 | 871.66 | NOTE | |
r-devel-linux-x86_64-fedora-clang | 2.0.1 | 1689.65 | NOTE | |||
r-devel-linux-x86_64-fedora-gcc | 2.0.1 | 1805.23 | NOTE | |||
r-devel-windows-x86_64 | 2.0.1 | 526.00 | 402.00 | 928.00 | NOTE | |
r-patched-linux-x86_64 | 2.0.1 | NOTE | ||||
r-release-linux-x86_64 | 2.0.1 | 598.14 | 399.98 | 998.12 | NOTE | |
r-release-macos-arm64 | 2.0.1 | 380.00 | NOTE | |||
r-release-macos-x86_64 | 2.0.1 | 585.00 | NOTE | |||
r-release-windows-x86_64 | 2.0.1 | 710.00 | 475.00 | 1185.00 | NOTE | |
r-oldrel-macos-arm64 | 2.0.1 | 379.00 | NOTE | |||
r-oldrel-macos-x86_64 | 2.0.1 | 431.00 | NOTE | |||
r-oldrel-windows-x86_64 | 2.0.1 | 660.00 | 447.00 | 1107.00 | NOTE |
Version: 2.0.1
Check: C++ specification
Result: NOTE
Specified C++11: please drop specification unless essential
Flavors: r-devel-linux-x86_64-debian-clang, r-devel-linux-x86_64-debian-gcc, r-devel-linux-x86_64-fedora-clang, r-devel-linux-x86_64-fedora-gcc, r-devel-windows-x86_64, r-patched-linux-x86_64, r-release-linux-x86_64, r-release-macos-arm64, r-release-macos-x86_64, r-release-windows-x86_64
Version: 2.0.1
Check: installed package size
Result: NOTE
installed size is 7.2Mb
sub-directories of 1Mb or more:
data 1.1Mb
doc 2.8Mb
libs 2.7Mb
Flavors: r-devel-linux-x86_64-fedora-clang, r-devel-windows-x86_64, r-release-macos-arm64, r-release-macos-x86_64, r-release-windows-x86_64, r-oldrel-macos-arm64, r-oldrel-macos-x86_64, r-oldrel-windows-x86_64