Last updated on 2023-09-28 19:59:36 CEST.
Flavor | Version | Tinstall | Tcheck | Ttotal | Status | Flags |
---|---|---|---|---|---|---|
r-devel-linux-x86_64-debian-clang | 1.0.0 | 7.94 | 83.01 | 90.95 | NOTE | |
r-devel-linux-x86_64-debian-gcc | 1.0.0 | 5.93 | 61.32 | 67.25 | NOTE | |
r-devel-linux-x86_64-fedora-clang | 1.0.0 | 110.13 | NOTE | |||
r-devel-linux-x86_64-fedora-gcc | 1.0.0 | 121.89 | NOTE | |||
r-devel-windows-x86_64 | 1.0.0 | 7.00 | 99.00 | 106.00 | NOTE | |
r-patched-linux-x86_64 | 1.0.0 | 11.74 | 79.85 | 91.59 | NOTE | |
r-release-linux-x86_64 | 1.0.0 | 6.95 | 81.18 | 88.13 | NOTE | |
r-release-macos-arm64 | 1.0.0 | 43.00 | NOTE | |||
r-release-macos-x86_64 | 1.0.0 | 66.00 | NOTE | |||
r-release-windows-x86_64 | 1.0.0 | 9.00 | 107.00 | 116.00 | NOTE | |
r-oldrel-macos-arm64 | 1.0.0 | 31.00 | OK | |||
r-oldrel-macos-x86_64 | 1.0.0 | 47.00 | OK | |||
r-oldrel-windows-x86_64 | 1.0.0 | 9.00 | 106.00 | 115.00 | OK |
Version: 1.0.0
Check: Rd files
Result: NOTE
checkRd: (-1) brr-package.Rd:33: Escaped LaTeX specials: \&
Flavors: r-devel-linux-x86_64-debian-clang, r-devel-linux-x86_64-debian-gcc, r-devel-linux-x86_64-fedora-clang, r-devel-linux-x86_64-fedora-gcc, r-devel-windows-x86_64, r-patched-linux-x86_64, r-release-linux-x86_64, r-release-macos-arm64, r-release-macos-x86_64, r-release-windows-x86_64