CRAN Package Check Results for Package breathteststan

Last updated on 2023-05-29 20:00:18 CEST.

Flavor Version Tinstall Tcheck Ttotal Status Flags
r-devel-linux-x86_64-debian-clang 0.8.4 135.26 130.37 265.63 NOTE
r-devel-linux-x86_64-debian-gcc 0.8.4 120.16 109.33 229.49 NOTE
r-devel-linux-x86_64-fedora-clang 0.8.4 325.55 NOTE
r-devel-linux-x86_64-fedora-gcc 0.8.4 403.15 NOTE
r-devel-windows-x86_64 0.8.4 113.00 145.00 258.00 NOTE
r-patched-linux-x86_64 0.8.4 97.90 136.64 234.54 NOTE
r-release-linux-x86_64 0.8.4 99.29 140.27 239.56 NOTE
r-release-macos-arm64 0.8.4 111.00 NOTE
r-release-macos-x86_64 0.8.4 169.00 NOTE
r-release-windows-x86_64 0.8.4 148.00 189.00 337.00 NOTE
r-oldrel-macos-arm64 0.8.4 91.00 NOTE
r-oldrel-macos-x86_64 0.8.4 163.00 NOTE
r-oldrel-windows-x86_64 0.8.4 135.00 177.00 312.00 NOTE

Check Details

Version: 0.8.4
Check: for GNU extensions in Makefiles
Result: NOTE
    GNU make is a SystemRequirements.
Flavors: r-devel-linux-x86_64-debian-clang, r-devel-linux-x86_64-debian-gcc, r-devel-linux-x86_64-fedora-clang, r-devel-linux-x86_64-fedora-gcc, r-devel-windows-x86_64, r-patched-linux-x86_64, r-release-linux-x86_64, r-release-macos-arm64, r-release-macos-x86_64, r-release-windows-x86_64, r-oldrel-macos-arm64, r-oldrel-macos-x86_64, r-oldrel-windows-x86_64

Version: 0.8.4
Check: installed package size
Result: NOTE
     installed size is 34.9Mb
     sub-directories of 1Mb or more:
     libs 34.7Mb
Flavors: r-release-macos-arm64, r-release-macos-x86_64, r-oldrel-macos-arm64, r-oldrel-macos-x86_64