CRAN Package Check Results for Package breathtestcore

Last updated on 2023-05-28 20:03:53 CEST.

Flavor Version Tinstall Tcheck Ttotal Status Flags
r-devel-linux-x86_64-debian-clang 0.8.6 16.01 222.28 238.29 OK
r-devel-linux-x86_64-debian-gcc 0.8.6 12.12 167.01 179.13 OK
r-devel-linux-x86_64-fedora-clang 0.8.6 284.83 NOTE
r-devel-linux-x86_64-fedora-gcc 0.8.6 316.18 OK
r-devel-windows-x86_64 0.8.6 14.00 178.00 192.00 OK
r-patched-linux-x86_64 0.8.6 9.21 208.81 218.02 OK
r-release-linux-x86_64 0.8.6 8.76 207.24 216.00 OK
r-release-macos-arm64 0.8.6 89.00 OK
r-release-macos-x86_64 0.8.6 141.00 NOTE
r-release-windows-x86_64 0.8.6 17.00 221.00 238.00 OK
r-oldrel-macos-arm64 0.8.6 76.00 OK
r-oldrel-macos-x86_64 0.8.6 116.00 OK
r-oldrel-windows-x86_64 0.8.6 17.00 227.00 244.00 OK

Check Details

Version: 0.8.6
Check: Rd cross-references
Result: NOTE
    Undeclared package ‘generics’ in Rd xrefs
Flavor: r-devel-linux-x86_64-fedora-clang

Version: 0.8.6
Check: package dependencies
Result: NOTE
    Package suggested but not available for checking: ‘breathteststan’
Flavor: r-release-macos-x86_64

Version: 0.8.6
Check: Rd cross-references
Result: NOTE
    Package unavailable to check Rd xrefs: ‘breathteststan’
Flavor: r-release-macos-x86_64