Last updated on 2024-03-28 07:52:45 CET.
Flavor | Version | Tinstall | Tcheck | Ttotal | Status | Flags |
---|---|---|---|---|---|---|
r-devel-linux-x86_64-debian-clang | 0.2.2 | 4.78 | 498.83 | 503.61 | OK | |
r-devel-linux-x86_64-debian-gcc | 0.2.2 | 4.99 | 409.95 | 414.94 | OK | |
r-devel-linux-x86_64-fedora-clang | 0.2.2 | 618.42 | OK | |||
r-devel-linux-x86_64-fedora-gcc | 0.2.2 | 639.96 | OK | |||
r-devel-windows-x86_64 | 0.2.2 | 7.00 | 408.00 | 415.00 | ERROR | |
r-patched-linux-x86_64 | 0.2.2 | 5.23 | 492.03 | 497.26 | OK | |
r-release-linux-x86_64 | 0.2.2 | 5.38 | 494.21 | 499.59 | OK | |
r-release-macos-arm64 | 0.2.2 | 169.00 | OK | |||
r-release-macos-x86_64 | 0.2.2 | 293.00 | OK | |||
r-release-windows-x86_64 | 0.2.2 | 8.00 | 484.00 | 492.00 | OK | |
r-oldrel-macos-arm64 | 0.2.2 | 164.00 | OK | |||
r-oldrel-windows-x86_64 | 0.2.2 | 10.00 | 488.00 | 498.00 | OK |
Version: 0.2.2
Check: re-building of vignette outputs
Result: ERROR
Error(s) in re-building vignettes:
--- re-building 'break_caret.Rmd' using rmarkdown
--- re-building 'break_glm.Rmd' using rmarkdown
--- finished re-building 'break_glm.Rmd'
--- re-building 'break_lm.Rmd' using rmarkdown
--- finished re-building 'break_lm.Rmd'
--- re-building 'break_randomForest.Rmd' using rmarkdown
--- finished re-building 'break_randomForest.Rmd'
--- re-building 'break_ranger.Rmd' using rmarkdown
--- finished re-building 'break_ranger.Rmd'
--- re-building 'break_svm.Rmd' using rmarkdown
--- finished re-building 'break_svm.Rmd'
--- re-building 'break_xgboost.Rmd' using rmarkdown
--- finished re-building 'break_xgboost.Rmd'
SUMMARY: processing the following file failed:
'break_caret.Rmd'
Error: Vignette re-building failed.
Execution halted
Flavor: r-devel-windows-x86_64