Last updated on 2023-05-31 07:57:26 CEST.
Flavor | Version | Tinstall | Tcheck | Ttotal | Status | Flags |
---|---|---|---|---|---|---|
r-devel-linux-x86_64-debian-clang | 3.0.0 | 33.72 | 163.42 | 197.14 | NOTE | |
r-devel-linux-x86_64-debian-gcc | 3.0.0 | 25.72 | 121.41 | 147.13 | NOTE | |
r-devel-linux-x86_64-fedora-clang | 3.0.0 | 245.17 | NOTE | |||
r-devel-linux-x86_64-fedora-gcc | 3.0.0 | 228.47 | NOTE | |||
r-devel-windows-x86_64 | 3.0.0 | 24.00 | 131.00 | 155.00 | NOTE | |
r-patched-linux-x86_64 | 3.0.0 | 29.45 | 155.22 | 184.67 | NOTE | |
r-release-linux-x86_64 | 3.0.0 | 26.75 | 154.17 | 180.92 | NOTE | |
r-release-macos-arm64 | 3.0.0 | 73.00 | NOTE | |||
r-release-macos-x86_64 | 3.0.0 | 114.00 | NOTE | |||
r-release-windows-x86_64 | 3.0.0 | 34.00 | 170.00 | 204.00 | OK | |
r-oldrel-macos-arm64 | 3.0.0 | 59.00 | NOTE | |||
r-oldrel-macos-x86_64 | 3.0.0 | 78.00 | NOTE | |||
r-oldrel-windows-x86_64 | 3.0.0 | 34.00 | 159.00 | 193.00 | OK |
Version: 3.0.0
Check: package dependencies
Result: NOTE
Packages suggested but not available for checking: 'RGtk2', 'cairoDevice'
Flavors: r-devel-linux-x86_64-debian-clang, r-devel-linux-x86_64-debian-gcc, r-devel-linux-x86_64-fedora-clang, r-devel-linux-x86_64-fedora-gcc, r-devel-windows-x86_64, r-patched-linux-x86_64, r-release-linux-x86_64, r-release-macos-arm64, r-oldrel-macos-arm64, r-oldrel-macos-x86_64
Version: 3.0.0
Check: package dependencies
Result: NOTE
Packages suggested but not available for checking:
'RGtk2', 'cairoDevice', 'car', 'mediation'
Flavor: r-release-macos-x86_64
Version: 3.0.0
Check: Rd cross-references
Result: NOTE
Packages unavailable to check Rd xrefs: ‘car’, ‘mediation’
Flavor: r-release-macos-x86_64