Last updated on 2024-03-28 19:48:26 CET.
Flavor | Version | Tinstall | Tcheck | Ttotal | Status | Flags |
---|---|---|---|---|---|---|
r-devel-linux-x86_64-debian-clang | 1.6 | 19.78 | 183.11 | 202.89 | OK | |
r-devel-linux-x86_64-debian-gcc | 1.6 | 14.26 | 135.76 | 150.02 | OK | |
r-devel-linux-x86_64-fedora-clang | 1.6 | 274.55 | NOTE | |||
r-devel-linux-x86_64-fedora-gcc | 1.6 | 247.46 | OK | |||
r-devel-windows-x86_64 | 1.6 | 21.00 | 143.00 | 164.00 | OK | |
r-patched-linux-x86_64 | 1.6 | 16.94 | 175.77 | 192.71 | OK | |
r-release-linux-x86_64 | 1.6 | 17.78 | 176.22 | 194.00 | OK | |
r-release-macos-arm64 | 1.6 | 50.00 | OK | |||
r-release-macos-x86_64 | 1.6 | 77.00 | OK | |||
r-release-windows-x86_64 | 1.6 | 22.00 | 177.00 | 199.00 | OK | |
r-oldrel-macos-arm64 | 1.6 | 51.00 | OK | |||
r-oldrel-windows-x86_64 | 1.6 | 29.00 | 178.00 | 207.00 | OK |
Version: 1.6
Check: Rd cross-references
Result: NOTE
Undeclared package ‘psych’ in Rd xrefs
Flavor: r-devel-linux-x86_64-fedora-clang