Last updated on 2023-12-04 07:50:49 CET.
Flavor | Version | Tinstall | Tcheck | Ttotal | Status | Flags |
---|---|---|---|---|---|---|
r-devel-linux-x86_64-debian-clang | 0.3.2 | 14.47 | 110.51 | 124.98 | OK | |
r-devel-linux-x86_64-debian-gcc | 0.3.2 | 10.63 | 81.06 | 91.69 | OK | |
r-devel-linux-x86_64-fedora-clang | 0.3.2 | 158.91 | NOTE | |||
r-devel-linux-x86_64-fedora-gcc | 0.3.2 | 144.17 | NOTE | |||
r-devel-windows-x86_64 | 0.3.2 | 12.00 | 97.00 | 109.00 | OK | |
r-patched-linux-x86_64 | 0.3.2 | 11.37 | 104.85 | 116.22 | OK | |
r-release-linux-x86_64 | 0.3.2 | 11.01 | 103.60 | 114.61 | OK | |
r-release-macos-arm64 | 0.3.2 | 42.00 | OK | |||
r-release-macos-x86_64 | 0.3.2 | 71.00 | OK | |||
r-release-windows-x86_64 | 0.3.2 | 16.00 | 111.00 | 127.00 | OK | |
r-oldrel-macos-arm64 | 0.3.2 | 45.00 | NOTE | |||
r-oldrel-macos-x86_64 | 0.3.2 | 76.00 | NOTE | |||
r-oldrel-windows-x86_64 | 0.3.2 | 17.00 | 117.00 | 134.00 | OK |
Version: 0.3.2
Check: dependencies in R code
Result: NOTE
Namespace in Imports field not imported from: ‘sna’
All declared Imports should be used.
Flavors: r-devel-linux-x86_64-fedora-clang, r-devel-linux-x86_64-fedora-gcc, r-oldrel-macos-arm64, r-oldrel-macos-x86_64