CRAN Package Check Results for Package bndovb

Last updated on 2023-06-02 07:55:17 CEST.

Flavor Version Tinstall Tcheck Ttotal Status Flags
r-devel-linux-x86_64-debian-clang 1.1 10.76 103.57 114.33 OK
r-devel-linux-x86_64-debian-gcc 1.1 9.48 77.45 86.93 OK
r-devel-linux-x86_64-fedora-clang 1.1 141.50 NOTE
r-devel-linux-x86_64-fedora-gcc 1.1 150.54 NOTE
r-devel-windows-x86_64 1.1 13.00 89.00 102.00 OK
r-patched-linux-x86_64 1.1 OK
r-release-linux-x86_64 1.1 8.74 97.28 106.02 OK
r-release-macos-arm64 1.1 48.00 OK
r-release-macos-x86_64 1.1 72.00 OK
r-release-windows-x86_64 1.1 15.00 109.00 124.00 OK
r-oldrel-macos-arm64 1.1 62.00 NOTE
r-oldrel-macos-x86_64 1.1 69.00 NOTE
r-oldrel-windows-x86_64 1.1 14.00 110.00 124.00 OK

Check Details

Version: 1.1
Check: dependencies in R code
Result: NOTE
    Namespace in Imports field not imported from: ‘dplyr’
     All declared Imports should be used.
Flavors: r-devel-linux-x86_64-fedora-clang, r-devel-linux-x86_64-fedora-gcc, r-oldrel-macos-arm64, r-oldrel-macos-x86_64