Last updated on 2024-04-19 19:50:09 CEST.
Flavor | Version | Tinstall | Tcheck | Ttotal | Status | Flags |
---|---|---|---|---|---|---|
r-devel-linux-x86_64-debian-clang | 1.1 | 8.78 | 97.48 | 106.26 | OK | |
r-devel-linux-x86_64-debian-gcc | 1.1 | OK | ||||
r-devel-linux-x86_64-fedora-clang | 1.1 | 136.48 | NOTE | |||
r-devel-linux-x86_64-fedora-gcc | 1.1 | 143.30 | NOTE | |||
r-prerel-macos-arm64 | 1.1 | 54.00 | OK | |||
r-prerel-windows-x86_64 | 1.1 | 10.00 | 84.00 | 94.00 | OK | |
r-patched-linux-x86_64 | 1.1 | 10.92 | 92.49 | 103.41 | OK | |
r-release-linux-x86_64 | 1.1 | 10.83 | 97.56 | 108.39 | OK | |
r-release-macos-arm64 | 1.1 | 48.00 | OK | |||
r-release-macos-x86_64 | 1.1 | 72.00 | OK | |||
r-release-windows-x86_64 | 1.1 | 13.00 | 104.00 | 117.00 | OK | |
r-oldrel-macos-arm64 | 1.1 | 62.00 | NOTE | |||
r-oldrel-windows-x86_64 | 1.1 | 14.00 | 106.00 | 120.00 | OK |
Version: 1.1
Check: dependencies in R code
Result: NOTE
Namespace in Imports field not imported from: ‘dplyr’
All declared Imports should be used.
Flavors: r-devel-linux-x86_64-fedora-clang, r-devel-linux-x86_64-fedora-gcc, r-oldrel-macos-arm64