CRAN Package Check Results for Package bmggum

Last updated on 2023-06-09 19:56:18 CEST.

Flavor Version Tinstall Tcheck Ttotal Status Flags
r-devel-linux-x86_64-debian-clang 0.1.0 793.78 131.74 925.52 NOTE
r-devel-linux-x86_64-debian-gcc 0.1.0 730.59 140.18 870.77 NOTE
r-devel-linux-x86_64-fedora-clang 0.1.0 1071.49 NOTE
r-devel-linux-x86_64-fedora-gcc 0.1.0 1575.75 NOTE
r-devel-windows-x86_64 0.1.0 577.00 185.00 762.00 NOTE
r-patched-linux-x86_64 0.1.0 686.97 182.98 869.95 NOTE
r-release-linux-x86_64 0.1.0 606.58 180.33 786.91 NOTE
r-release-macos-arm64 0.1.0 362.00 NOTE
r-release-macos-x86_64 0.1.0 548.00 NOTE
r-release-windows-x86_64 0.1.0 747.00 224.00 971.00 NOTE
r-oldrel-macos-arm64 0.1.0 314.00 NOTE
r-oldrel-macos-x86_64 0.1.0 559.00 NOTE
r-oldrel-windows-x86_64 0.1.0 712.00 209.00 921.00 NOTE

Check Details

Version: 0.1.0
Check: for GNU extensions in Makefiles
Result: NOTE
    GNU make is a SystemRequirements.
Flavors: r-devel-linux-x86_64-debian-clang, r-devel-linux-x86_64-debian-gcc, r-devel-linux-x86_64-fedora-clang, r-devel-linux-x86_64-fedora-gcc, r-devel-windows-x86_64, r-patched-linux-x86_64, r-release-linux-x86_64, r-release-macos-arm64, r-release-macos-x86_64, r-release-windows-x86_64, r-oldrel-macos-arm64, r-oldrel-macos-x86_64, r-oldrel-windows-x86_64

Version: 0.1.0
Check: installed package size
Result: NOTE
     installed size is 7.4Mb
     sub-directories of 1Mb or more:
     libs 6.8Mb
Flavors: r-devel-linux-x86_64-fedora-clang, r-devel-windows-x86_64, r-release-macos-arm64, r-release-macos-x86_64, r-release-windows-x86_64, r-oldrel-macos-arm64, r-oldrel-macos-x86_64, r-oldrel-windows-x86_64

Version: 0.1.0
Check: dependencies in R code
Result: NOTE
    Namespaces in Imports field not imported from:
     ‘RcppParallel’ ‘rstantools’
     All declared Imports should be used.
Flavors: r-devel-linux-x86_64-fedora-clang, r-devel-linux-x86_64-fedora-gcc, r-oldrel-macos-arm64, r-oldrel-macos-x86_64