Last updated on 2024-03-28 19:48:26 CET.
Flavor | Version | Tinstall | Tcheck | Ttotal | Status | Flags |
---|---|---|---|---|---|---|
r-devel-linux-x86_64-debian-clang | 0.1.1 | 6.68 | 110.54 | 117.22 | NOTE | |
r-devel-linux-x86_64-debian-gcc | 0.1.1 | 5.83 | 81.83 | 87.66 | NOTE | |
r-devel-linux-x86_64-fedora-clang | 0.1.1 | 158.07 | NOTE | |||
r-devel-linux-x86_64-fedora-gcc | 0.1.1 | 142.48 | NOTE | |||
r-devel-windows-x86_64 | 0.1.1 | 7.00 | 95.00 | 102.00 | NOTE | |
r-patched-linux-x86_64 | 0.1.1 | 5.72 | 104.65 | 110.37 | NOTE | |
r-release-linux-x86_64 | 0.1.1 | 5.45 | 104.88 | 110.33 | OK | |
r-release-macos-arm64 | 0.1.1 | 54.00 | OK | |||
r-release-macos-x86_64 | 0.1.1 | 73.00 | NOTE | |||
r-release-windows-x86_64 | 0.1.1 | 9.00 | 117.00 | 126.00 | OK | |
r-oldrel-macos-arm64 | 0.1.1 | 49.00 | OK | |||
r-oldrel-windows-x86_64 | 0.1.1 | 11.00 | 119.00 | 130.00 | OK |
Version: 0.1.1
Check: Rd files
Result: NOTE
checkRd: (-1) estimate_density.Rd:25: Lost braces; missing escapes or markup?
25 | evenly spaced points between \code{min} and {max}.
| ^
Flavors: r-devel-linux-x86_64-debian-clang, r-devel-linux-x86_64-debian-gcc, r-devel-linux-x86_64-fedora-clang, r-devel-linux-x86_64-fedora-gcc, r-devel-windows-x86_64, r-patched-linux-x86_64
Version: 0.1.1
Check: package dependencies
Result: NOTE
Package suggested but not available for checking: ‘reldist’
Flavor: r-release-macos-x86_64