Last updated on 2024-04-17 19:58:32 CEST.
Flavor | Version | Tinstall | Tcheck | Ttotal | Status | Flags |
---|---|---|---|---|---|---|
r-devel-linux-x86_64-debian-clang | 1.0.4 | 43.19 | 129.52 | 172.71 | NOTE | |
r-devel-linux-x86_64-debian-gcc | 1.0.4 | 42.59 | 110.22 | 152.81 | NOTE | |
r-devel-linux-x86_64-fedora-clang | 1.0.4 | 240.50 | NOTE | |||
r-devel-linux-x86_64-fedora-gcc | 1.0.4 | 270.09 | NOTE | |||
r-prerel-macos-arm64 | 1.0.4 | 93.00 | NOTE | |||
r-prerel-windows-x86_64 | 1.0.4 | 38.00 | 163.00 | 201.00 | NOTE | |
r-patched-linux-x86_64 | 1.0.4 | 55.31 | 141.67 | 196.98 | NOTE | |
r-release-linux-x86_64 | 1.0.4 | 46.36 | 137.79 | 184.15 | NOTE | |
r-release-macos-arm64 | 1.0.4 | 96.00 | NOTE | |||
r-release-macos-x86_64 | 1.0.4 | 169.00 | NOTE | |||
r-release-windows-x86_64 | 1.0.4 | 50.00 | 206.00 | 256.00 | NOTE | |
r-oldrel-macos-arm64 | 1.0.4 | 93.00 | NOTE | |||
r-oldrel-windows-x86_64 | 1.0.4 | 47.00 | 208.00 | 255.00 | NOTE |
Version: 1.0.4
Check: C++ specification
Result: NOTE
Specified C++11: please drop specification unless essential
Flavors: r-devel-linux-x86_64-debian-clang, r-devel-linux-x86_64-debian-gcc, r-devel-linux-x86_64-fedora-clang, r-devel-linux-x86_64-fedora-gcc, r-prerel-macos-arm64, r-prerel-windows-x86_64, r-patched-linux-x86_64, r-release-linux-x86_64, r-release-macos-arm64, r-release-macos-x86_64, r-release-windows-x86_64
Version: 1.0.4
Check: installed package size
Result: NOTE
installed size is 5.1Mb
sub-directories of 1Mb or more:
data 3.5Mb
Flavors: r-devel-linux-x86_64-fedora-clang, r-prerel-macos-arm64, r-prerel-windows-x86_64, r-release-macos-arm64, r-release-macos-x86_64, r-release-windows-x86_64, r-oldrel-macos-arm64, r-oldrel-windows-x86_64
Version: 1.0.4
Check: dependencies in R code
Result: NOTE
Namespace in Imports field not imported from: ‘RcppArmadillo’
All declared Imports should be used.
Flavors: r-devel-linux-x86_64-fedora-clang, r-devel-linux-x86_64-fedora-gcc