Last updated on 2023-06-02 07:55:17 CEST.
Flavor | Version | Tinstall | Tcheck | Ttotal | Status | Flags |
---|---|---|---|---|---|---|
r-devel-linux-x86_64-debian-clang | 1.0.4 | 48.14 | 138.98 | 187.12 | NOTE | |
r-devel-linux-x86_64-debian-gcc | 1.0.4 | 38.19 | 103.83 | 142.02 | NOTE | |
r-devel-linux-x86_64-fedora-clang | 1.0.4 | 238.82 | NOTE | |||
r-devel-linux-x86_64-fedora-gcc | 1.0.4 | 261.44 | NOTE | |||
r-devel-windows-x86_64 | 1.0.4 | 40.00 | 181.00 | 221.00 | NOTE | |
r-patched-linux-x86_64 | 1.0.4 | NOTE | ||||
r-release-linux-x86_64 | 1.0.4 | 47.06 | 134.85 | 181.91 | NOTE | |
r-release-macos-arm64 | 1.0.4 | 96.00 | NOTE | |||
r-release-macos-x86_64 | 1.0.4 | 169.00 | NOTE | |||
r-release-windows-x86_64 | 1.0.4 | 49.00 | 193.00 | 242.00 | NOTE | |
r-oldrel-macos-arm64 | 1.0.4 | 93.00 | NOTE | |||
r-oldrel-macos-x86_64 | 1.0.4 | 124.00 | NOTE | |||
r-oldrel-windows-x86_64 | 1.0.4 | 49.00 | 199.00 | 248.00 | NOTE |
Version: 1.0.4
Check: C++ specification
Result: NOTE
Specified C++11: please drop specification unless essential
Flavors: r-devel-linux-x86_64-debian-clang, r-devel-linux-x86_64-debian-gcc, r-devel-linux-x86_64-fedora-clang, r-devel-linux-x86_64-fedora-gcc, r-devel-windows-x86_64, r-patched-linux-x86_64, r-release-linux-x86_64, r-release-macos-arm64, r-release-macos-x86_64, r-release-windows-x86_64
Version: 1.0.4
Check: installed package size
Result: NOTE
installed size is 5.1Mb
sub-directories of 1Mb or more:
data 3.5Mb
Flavors: r-devel-linux-x86_64-fedora-clang, r-devel-windows-x86_64, r-release-macos-arm64, r-release-macos-x86_64, r-release-windows-x86_64, r-oldrel-macos-arm64, r-oldrel-macos-x86_64, r-oldrel-windows-x86_64
Version: 1.0.4
Check: dependencies in R code
Result: NOTE
Namespace in Imports field not imported from: ‘RcppArmadillo’
All declared Imports should be used.
Flavors: r-devel-linux-x86_64-fedora-clang, r-devel-linux-x86_64-fedora-gcc, r-oldrel-macos-x86_64