Last updated on 2023-05-28 20:03:52 CEST.
Flavor | Version | Tinstall | Tcheck | Ttotal | Status | Flags |
---|---|---|---|---|---|---|
r-devel-linux-x86_64-debian-clang | 0.3 | 15.61 | 126.22 | 141.83 | OK | |
r-devel-linux-x86_64-debian-gcc | 0.3 | 12.50 | 96.27 | 108.77 | OK | |
r-devel-linux-x86_64-fedora-clang | 0.3 | 176.24 | NOTE | |||
r-devel-linux-x86_64-fedora-gcc | 0.3 | 170.96 | NOTE | |||
r-devel-windows-x86_64 | 0.3 | 14.00 | 109.00 | 123.00 | OK | |
r-patched-linux-x86_64 | 0.3 | 15.71 | 121.39 | 137.10 | OK | |
r-release-linux-x86_64 | 0.3 | 13.93 | 120.96 | 134.89 | OK | |
r-release-macos-arm64 | 0.3 | 51.00 | OK | |||
r-release-macos-x86_64 | 0.3 | 87.00 | OK | |||
r-release-windows-x86_64 | 0.3 | 17.00 | 133.00 | 150.00 | OK | |
r-oldrel-macos-arm64 | 0.3 | 43.00 | NOTE | |||
r-oldrel-macos-x86_64 | 0.3 | 65.00 | NOTE | |||
r-oldrel-windows-x86_64 | 0.3 | 18.00 | 135.00 | 153.00 | OK |
Version: 0.3
Check: dependencies in R code
Result: NOTE
Namespace in Imports field not imported from: ‘MASS’
All declared Imports should be used.
Flavors: r-devel-linux-x86_64-fedora-clang, r-devel-linux-x86_64-fedora-gcc, r-oldrel-macos-arm64, r-oldrel-macos-x86_64