Last updated on 2024-04-23 07:50:56 CEST.
Flavor | Version | Tinstall | Tcheck | Ttotal | Status | Flags |
---|---|---|---|---|---|---|
r-devel-linux-x86_64-debian-clang | 0.3 | 13.62 | 124.62 | 138.24 | OK | |
r-devel-linux-x86_64-debian-gcc | 0.3 | 11.85 | 89.83 | 101.68 | OK | |
r-devel-linux-x86_64-fedora-clang | 0.3 | 171.45 | NOTE | |||
r-devel-linux-x86_64-fedora-gcc | 0.3 | 168.19 | NOTE | |||
r-prerel-macos-arm64 | 0.3 | 55.00 | OK | |||
r-prerel-windows-x86_64 | 0.3 | 14.00 | 107.00 | 121.00 | OK | |
r-patched-linux-x86_64 | 0.3 | 17.69 | 120.30 | 137.99 | OK | |
r-release-linux-x86_64 | 0.3 | 13.33 | 120.53 | 133.86 | OK | |
r-release-macos-arm64 | 0.3 | 51.00 | OK | |||
r-release-macos-x86_64 | 0.3 | 87.00 | OK | |||
r-release-windows-x86_64 | 0.3 | 17.00 | 131.00 | 148.00 | OK | |
r-oldrel-macos-arm64 | 0.3 | 43.00 | NOTE | |||
r-oldrel-windows-x86_64 | 0.3 | 18.00 | 128.00 | 146.00 | OK |
Version: 0.3
Check: dependencies in R code
Result: NOTE
Namespace in Imports field not imported from: ‘MASS’
All declared Imports should be used.
Flavors: r-devel-linux-x86_64-fedora-clang, r-devel-linux-x86_64-fedora-gcc, r-oldrel-macos-arm64