Last updated on 2023-12-06 07:50:08 CET.
Flavor | Version | Tinstall | Tcheck | Ttotal | Status | Flags |
---|---|---|---|---|---|---|
r-devel-linux-x86_64-debian-clang | 1.0.2 | 147.15 | 45.50 | 192.65 | NOTE | |
r-devel-linux-x86_64-debian-gcc | 1.0.2 | 89.03 | 34.87 | 123.90 | NOTE | |
r-devel-linux-x86_64-fedora-clang | 1.0.2 | 288.59 | NOTE | |||
r-devel-linux-x86_64-fedora-gcc | 1.0.2 | 278.12 | NOTE | |||
r-devel-windows-x86_64 | 1.0.2 | 106.00 | 77.00 | 183.00 | NOTE | |
r-patched-linux-x86_64 | 1.0.2 | 115.37 | 44.80 | 160.17 | NOTE | |
r-release-linux-x86_64 | 1.0.2 | 117.96 | 44.81 | 162.77 | NOTE | |
r-release-macos-arm64 | 1.0.2 | 73.00 | NOTE | |||
r-release-macos-x86_64 | 1.0.2 | 106.00 | NOTE | |||
r-release-windows-x86_64 | 1.0.2 | 135.00 | 90.00 | 225.00 | NOTE | |
r-oldrel-macos-arm64 | 1.0.2 | 67.00 | NOTE | |||
r-oldrel-macos-x86_64 | 1.0.2 | 77.00 | NOTE | |||
r-oldrel-windows-x86_64 | 1.0.2 | 134.00 | 82.00 | 216.00 | OK |
Version: 1.0.2
Check: C++ specification
Result: NOTE
Specified C++11: please drop specification unless essential
Flavors: r-devel-linux-x86_64-debian-clang, r-devel-linux-x86_64-debian-gcc, r-devel-linux-x86_64-fedora-clang, r-devel-linux-x86_64-fedora-gcc, r-devel-windows-x86_64, r-patched-linux-x86_64, r-release-linux-x86_64, r-release-macos-arm64, r-release-macos-x86_64, r-release-windows-x86_64
Version: 1.0.2
Check: installed package size
Result: NOTE
installed size is 6.5Mb
sub-directories of 1Mb or more:
libs 6.3Mb
Flavors: r-release-macos-arm64, r-release-macos-x86_64, r-oldrel-macos-arm64, r-oldrel-macos-x86_64