Last updated on 2023-10-01 08:51:53 CEST.
Flavor | Version | Tinstall | Tcheck | Ttotal | Status | Flags |
---|---|---|---|---|---|---|
r-devel-linux-x86_64-debian-clang | 1.0.1 | 7.52 | 92.11 | 99.63 | NOTE | |
r-devel-linux-x86_64-debian-gcc | 1.0.1 | 7.68 | 65.79 | 73.47 | NOTE | |
r-devel-linux-x86_64-fedora-clang | 1.0.1 | 113.78 | NOTE | |||
r-devel-linux-x86_64-fedora-gcc | 1.0.1 | 110.42 | NOTE | |||
r-devel-windows-x86_64 | 1.0.1 | 8.00 | 77.00 | 85.00 | NOTE | |
r-patched-linux-x86_64 | 1.0.1 | 7.24 | 82.54 | 89.78 | NOTE | |
r-release-linux-x86_64 | 1.0.1 | 8.36 | 83.75 | 92.11 | NOTE | |
r-release-macos-arm64 | 1.0.1 | 35.00 | NOTE | |||
r-release-macos-x86_64 | 1.0.1 | 58.00 | NOTE | |||
r-release-windows-x86_64 | 1.0.1 | 10.00 | 93.00 | 103.00 | NOTE | |
r-oldrel-macos-arm64 | 1.0.1 | 35.00 | NOTE | |||
r-oldrel-macos-x86_64 | 1.0.1 | 46.00 | NOTE | |||
r-oldrel-windows-x86_64 | 1.0.1 | 11.00 | 92.00 | 103.00 | NOTE |
Version: 1.0.1
Check: LazyData
Result: NOTE
'LazyData' is specified without a 'data' directory
Flavors: r-devel-linux-x86_64-debian-clang, r-devel-linux-x86_64-debian-gcc, r-devel-linux-x86_64-fedora-clang, r-devel-linux-x86_64-fedora-gcc, r-devel-windows-x86_64, r-patched-linux-x86_64, r-release-linux-x86_64, r-release-macos-arm64, r-release-macos-x86_64, r-release-windows-x86_64, r-oldrel-macos-arm64, r-oldrel-macos-x86_64, r-oldrel-windows-x86_64