Last updated on 2023-06-10 08:53:10 CEST.
Flavor | Version | Tinstall | Tcheck | Ttotal | Status | Flags |
---|---|---|---|---|---|---|
r-devel-linux-x86_64-debian-clang | 4.2 | 4.07 | 55.06 | 59.13 | NOTE | |
r-devel-linux-x86_64-debian-gcc | 4.2 | 3.10 | 42.01 | 45.11 | NOTE | |
r-devel-linux-x86_64-fedora-clang | 4.2 | 72.00 | NOTE | |||
r-devel-linux-x86_64-fedora-gcc | 4.2 | 81.45 | NOTE | |||
r-devel-windows-x86_64 | 4.2 | 6.00 | 67.00 | 73.00 | NOTE | |
r-patched-linux-x86_64 | 4.2 | 4.61 | 50.78 | 55.39 | NOTE | |
r-release-linux-x86_64 | 4.2 | 3.82 | 51.40 | 55.22 | NOTE | |
r-release-macos-arm64 | 4.2 | 31.00 | NOTE | |||
r-release-macos-x86_64 | 4.2 | 50.00 | NOTE | |||
r-release-windows-x86_64 | 4.2 | 6.00 | 73.00 | 79.00 | NOTE | |
r-oldrel-macos-arm64 | 4.2 | 30.00 | OK | |||
r-oldrel-macos-x86_64 | 4.2 | 48.00 | OK | |||
r-oldrel-windows-x86_64 | 4.2 | 9.00 | 74.00 | 83.00 | OK |
Version: 4.2
Check: Rd files
Result: NOTE
checkRd: (-1) tocher.Rd:13: Escaped LaTeX specials: \&
Flavors: r-devel-linux-x86_64-debian-clang, r-devel-linux-x86_64-debian-gcc, r-devel-linux-x86_64-fedora-clang, r-devel-linux-x86_64-fedora-gcc, r-devel-windows-x86_64, r-patched-linux-x86_64, r-release-linux-x86_64, r-release-macos-arm64, r-release-macos-x86_64, r-release-windows-x86_64