Last updated on 2023-09-20 19:54:38 CEST.
Flavor | Version | Tinstall | Tcheck | Ttotal | Status | Flags |
---|---|---|---|---|---|---|
r-devel-linux-x86_64-debian-clang | 1.6.3 | 5.99 | 78.41 | 84.40 | OK | |
r-devel-linux-x86_64-debian-gcc | 1.6.3 | 4.23 | 56.81 | 61.04 | OK | |
r-devel-linux-x86_64-fedora-clang | 1.6.3 | 101.69 | NOTE | |||
r-devel-linux-x86_64-fedora-gcc | 1.6.3 | 115.68 | OK | |||
r-devel-windows-x86_64 | 1.6.3 | 7.00 | 88.00 | 95.00 | OK | |
r-patched-linux-x86_64 | 1.6.3 | 5.22 | 75.91 | 81.13 | OK | |
r-release-linux-x86_64 | 1.6.3 | 5.38 | 74.17 | 79.55 | OK | |
r-release-macos-arm64 | 1.6.3 | 42.00 | OK | |||
r-release-macos-x86_64 | 1.6.3 | 65.00 | OK | |||
r-release-windows-x86_64 | 1.6.3 | 7.00 | 100.00 | 107.00 | OK | |
r-oldrel-macos-arm64 | 1.6.3 | 59.00 | OK | |||
r-oldrel-macos-x86_64 | 1.6.3 | 48.00 | OK | |||
r-oldrel-windows-x86_64 | 1.6.3 | 8.00 | 89.00 | 97.00 | OK |
Version: 1.6.3
Check: Rd cross-references
Result: NOTE
Undeclared package ‘seqinr’ in Rd xrefs
Flavor: r-devel-linux-x86_64-fedora-clang