Last updated on 2024-03-28 19:48:26 CET.
Flavor | Version | Tinstall | Tcheck | Ttotal | Status | Flags |
---|---|---|---|---|---|---|
r-devel-linux-x86_64-debian-clang | 1.6.3 | 5.45 | 80.66 | 86.11 | NOTE | |
r-devel-linux-x86_64-debian-gcc | 1.6.3 | 3.49 | 58.91 | 62.40 | NOTE | |
r-devel-linux-x86_64-fedora-clang | 1.6.3 | 102.57 | NOTE | |||
r-devel-linux-x86_64-fedora-gcc | 1.6.3 | 118.89 | NOTE | |||
r-devel-windows-x86_64 | 1.6.3 | 5.00 | 90.00 | 95.00 | NOTE | |
r-patched-linux-x86_64 | 1.6.3 | 5.05 | 76.41 | 81.46 | NOTE | |
r-release-linux-x86_64 | 1.6.3 | 5.26 | 74.21 | 79.47 | OK | |
r-release-macos-arm64 | 1.6.3 | 42.00 | OK | |||
r-release-macos-x86_64 | 1.6.3 | 65.00 | OK | |||
r-release-windows-x86_64 | 1.6.3 | 7.00 | 103.00 | 110.00 | OK | |
r-oldrel-macos-arm64 | 1.6.3 | 59.00 | OK | |||
r-oldrel-windows-x86_64 | 1.6.3 | 7.00 | 93.00 | 100.00 | OK |
Version: 1.6.3
Check: Rd files
Result: NOTE
checkRd: (-1) calc_ed.Rd:14: Lost braces; missing escapes or markup?
14 | of groups or less than \code{a}. Both \code{a} and {b} must have the the same
| ^
checkRd: (-1) calc_pi.Rd:14: Lost braces; missing escapes or markup?
14 | of groups or less than \code{a}. Both \code{a} and {b} must have the the same
| ^
checkRd: (-1) calc_si.Rd:14: Lost braces; missing escapes or markup?
14 | of groups or less than \code{a}. Both \code{a} and {b} must have the the same
| ^
checkRd: (-1) cluster_reg_exp.Rd:15: Lost braces in \itemize; \value handles \item{}{} directly
checkRd: (-1) cluster_reg_exp.Rd:16: Lost braces in \itemize; \value handles \item{}{} directly
checkRd: (-1) cluster_reg_exp.Rd:17: Lost braces in \itemize; \value handles \item{}{} directly
checkRd: (-1) cluster_reg_exp.Rd:18: Lost braces in \itemize; \value handles \item{}{} directly
Flavors: r-devel-linux-x86_64-debian-clang, r-devel-linux-x86_64-debian-gcc, r-devel-linux-x86_64-fedora-clang, r-devel-linux-x86_64-fedora-gcc, r-devel-windows-x86_64, r-patched-linux-x86_64
Version: 1.6.3
Check: Rd cross-references
Result: NOTE
Undeclared package ‘seqinr’ in Rd xrefs
Flavor: r-devel-linux-x86_64-fedora-clang