Last updated on 2024-04-23 19:50:39 CEST.
Flavor | Version | Tinstall | Tcheck | Ttotal | Status | Flags |
---|---|---|---|---|---|---|
r-devel-linux-x86_64-debian-clang | 0.2.8 | 120.96 | 71.78 | 192.74 | NOTE | |
r-devel-linux-x86_64-debian-gcc | 0.2.8 | 95.77 | 51.75 | 147.52 | NOTE | |
r-devel-linux-x86_64-fedora-clang | 0.2.8 | 298.10 | NOTE | |||
r-devel-linux-x86_64-fedora-gcc | 0.2.8 | 289.12 | NOTE | |||
r-prerel-macos-arm64 | 0.2.8 | 75.00 | NOTE | |||
r-prerel-windows-x86_64 | 0.2.8 | 95.00 | 105.00 | 200.00 | NOTE | |
r-patched-linux-x86_64 | 0.2.8 | 115.97 | 66.42 | 182.39 | NOTE | |
r-release-linux-x86_64 | 0.2.8 | 113.05 | 66.23 | 179.28 | NOTE | |
r-release-macos-arm64 | 0.2.8 | 79.00 | NOTE | |||
r-release-macos-x86_64 | 0.2.8 | 303.00 | NOTE | |||
r-release-windows-x86_64 | 0.2.8 | 123.00 | 110.00 | 233.00 | NOTE | |
r-oldrel-macos-arm64 | 0.2.8 | 67.00 | NOTE | |||
r-oldrel-windows-x86_64 | 0.2.8 | 106.00 | 105.00 | 211.00 | OK |
Version: 0.2.8
Check: C++ specification
Result: NOTE
Specified C++11: please drop specification unless essential
Flavors: r-devel-linux-x86_64-debian-clang, r-devel-linux-x86_64-debian-gcc, r-devel-linux-x86_64-fedora-clang, r-devel-linux-x86_64-fedora-gcc, r-prerel-macos-arm64, r-prerel-windows-x86_64, r-patched-linux-x86_64, r-release-linux-x86_64, r-release-macos-arm64, r-release-macos-x86_64, r-release-windows-x86_64
Version: 0.2.8
Check: installed package size
Result: NOTE
installed size is 5.9Mb
sub-directories of 1Mb or more:
libs 4.4Mb
Flavors: r-prerel-macos-arm64, r-release-macos-arm64, r-release-macos-x86_64, r-oldrel-macos-arm64