Last updated on 2023-06-01 19:52:28 CEST.
Flavor | Version | Tinstall | Tcheck | Ttotal | Status | Flags |
---|---|---|---|---|---|---|
r-devel-linux-x86_64-debian-clang | 0.2.8 | 117.73 | 63.79 | 181.52 | NOTE | |
r-devel-linux-x86_64-debian-gcc | 0.2.8 | 94.78 | 49.67 | 144.45 | NOTE | |
r-devel-linux-x86_64-fedora-clang | 0.2.8 | 275.65 | NOTE | |||
r-devel-linux-x86_64-fedora-gcc | 0.2.8 | 272.62 | NOTE | |||
r-devel-windows-x86_64 | 0.2.8 | 94.00 | 96.00 | 190.00 | NOTE | |
r-patched-linux-x86_64 | 0.2.8 | NOTE | ||||
r-release-linux-x86_64 | 0.2.8 | 99.95 | 62.14 | 162.09 | NOTE | |
r-release-macos-arm64 | 0.2.8 | 79.00 | NOTE | |||
r-release-macos-x86_64 | 0.2.8 | 303.00 | NOTE | |||
r-release-windows-x86_64 | 0.2.8 | 119.00 | 109.00 | 228.00 | NOTE | |
r-oldrel-macos-arm64 | 0.2.8 | 67.00 | NOTE | |||
r-oldrel-macos-x86_64 | 0.2.8 | 84.00 | NOTE | |||
r-oldrel-windows-x86_64 | 0.2.8 | 106.00 | 101.00 | 207.00 | OK |
Version: 0.2.8
Check: C++ specification
Result: NOTE
Specified C++11: please drop specification unless essential
Flavors: r-devel-linux-x86_64-debian-clang, r-devel-linux-x86_64-debian-gcc, r-devel-linux-x86_64-fedora-clang, r-devel-linux-x86_64-fedora-gcc, r-devel-windows-x86_64, r-patched-linux-x86_64, r-release-linux-x86_64, r-release-macos-arm64, r-release-macos-x86_64, r-release-windows-x86_64
Version: 0.2.8
Check: installed package size
Result: NOTE
installed size is 6.0Mb
sub-directories of 1Mb or more:
libs 4.6Mb
Flavors: r-release-macos-arm64, r-release-macos-x86_64, r-oldrel-macos-arm64, r-oldrel-macos-x86_64