Last updated on 2023-05-29 08:54:54 CEST.
Flavor | Version | Tinstall | Tcheck | Ttotal | Status | Flags |
---|---|---|---|---|---|---|
r-devel-linux-x86_64-debian-clang | 2.4-4 | 76.96 | 228.18 | 305.14 | NOTE | |
r-devel-linux-x86_64-debian-gcc | 2.4-4 | 64.07 | 167.06 | 231.13 | NOTE | |
r-devel-linux-x86_64-fedora-clang | 2.4-4 | 409.73 | NOTE | |||
r-devel-linux-x86_64-fedora-gcc | 2.4-4 | 401.29 | NOTE | |||
r-devel-windows-x86_64 | 2.4-4 | 64.00 | 237.00 | 301.00 | NOTE | |
r-patched-linux-x86_64 | 2.4-4 | 77.89 | 214.98 | 292.87 | NOTE | |
r-release-linux-x86_64 | 2.4-4 | 71.38 | 216.60 | 287.98 | NOTE | |
r-release-macos-arm64 | 2.4-4 | 98.00 | NOTE | |||
r-release-macos-x86_64 | 2.4-4 | 186.00 | NOTE | |||
r-release-windows-x86_64 | 2.4-4 | 84.00 | 289.00 | 373.00 | NOTE | |
r-oldrel-macos-arm64 | 2.4-4 | 89.00 | NOTE | |||
r-oldrel-macos-x86_64 | 2.4-4 | 145.00 | NOTE | |||
r-oldrel-windows-x86_64 | 2.4-4 | 91.00 | 265.00 | 356.00 | OK |
Version: 2.4-4
Check: C++ specification
Result: NOTE
Specified C++11: please drop specification unless essential
Flavors: r-devel-linux-x86_64-debian-clang, r-devel-linux-x86_64-debian-gcc, r-devel-linux-x86_64-fedora-clang, r-devel-linux-x86_64-fedora-gcc, r-devel-windows-x86_64, r-patched-linux-x86_64, r-release-linux-x86_64, r-release-macos-arm64, r-release-macos-x86_64, r-release-windows-x86_64
Version: 2.4-4
Check: package dependencies
Result: NOTE
Package suggested but not available for checking: ‘msa’
Flavors: r-devel-linux-x86_64-fedora-clang, r-devel-linux-x86_64-fedora-gcc, r-release-macos-arm64, r-release-macos-x86_64, r-oldrel-macos-arm64, r-oldrel-macos-x86_64
Version: 2.4-4
Check: installed package size
Result: NOTE
installed size is 6.5Mb
sub-directories of 1Mb or more:
R 1.1Mb
libs 2.8Mb
Flavors: r-release-macos-arm64, r-release-macos-x86_64, r-oldrel-macos-arm64, r-oldrel-macos-x86_64