Last updated on 2023-05-31 20:57:03 CEST.
Flavor | Version | Tinstall | Tcheck | Ttotal | Status | Flags |
---|---|---|---|---|---|---|
r-devel-linux-x86_64-debian-clang | 0.2 | 48.93 | 38.49 | 87.42 | NOTE | |
r-devel-linux-x86_64-debian-gcc | 0.2 | 39.42 | 29.51 | 68.93 | NOTE | |
r-devel-linux-x86_64-fedora-clang | 0.2 | 128.43 | NOTE | |||
r-devel-linux-x86_64-fedora-gcc | 0.2 | 122.62 | NOTE | |||
r-devel-windows-x86_64 | 0.2 | 42.00 | 70.00 | 112.00 | NOTE | |
r-patched-linux-x86_64 | 0.2 | NOTE | ||||
r-release-linux-x86_64 | 0.2 | 32.12 | 36.72 | 68.84 | NOTE | |
r-release-macos-arm64 | 0.2 | 37.00 | NOTE | |||
r-release-macos-x86_64 | 0.2 | 61.00 | NOTE | |||
r-release-windows-x86_64 | 0.2 | 52.00 | 78.00 | 130.00 | NOTE | |
r-oldrel-macos-arm64 | 0.2 | 34.00 | NOTE | |||
r-oldrel-macos-x86_64 | 0.2 | 52.00 | NOTE | |||
r-oldrel-windows-x86_64 | 0.2 | 50.00 | 85.00 | 135.00 | NOTE |
Version: 0.2
Check: LazyData
Result: NOTE
'LazyData' is specified without a 'data' directory
Flavors: r-devel-linux-x86_64-debian-clang, r-devel-linux-x86_64-debian-gcc, r-devel-linux-x86_64-fedora-clang, r-devel-linux-x86_64-fedora-gcc, r-devel-windows-x86_64, r-patched-linux-x86_64, r-release-linux-x86_64, r-release-macos-arm64, r-release-macos-x86_64, r-release-windows-x86_64, r-oldrel-macos-arm64, r-oldrel-macos-x86_64, r-oldrel-windows-x86_64