Last updated on 2023-06-06 20:09:39 CEST.
Flavor | Version | Tinstall | Tcheck | Ttotal | Status | Flags |
---|---|---|---|---|---|---|
r-devel-linux-x86_64-debian-clang | 1.2.4 | 93.49 | 182.71 | 276.20 | NOTE | |
r-devel-linux-x86_64-debian-gcc | 1.2.4 | 66.72 | 131.30 | 198.02 | NOTE | |
r-devel-linux-x86_64-fedora-clang | 1.2.4 | 358.70 | NOTE | |||
r-devel-linux-x86_64-fedora-gcc | 1.2.4 | 338.07 | NOTE | |||
r-devel-windows-x86_64 | 1.2.4 | 67.00 | 156.00 | 223.00 | NOTE | |
r-patched-linux-x86_64 | 1.2.4 | 71.73 | 166.57 | 238.30 | NOTE | |
r-release-linux-x86_64 | 1.2.4 | 74.92 | 167.76 | 242.68 | NOTE | |
r-release-macos-arm64 | 1.2.4 | 85.00 | NOTE | |||
r-release-macos-x86_64 | 1.2.4 | 150.00 | NOTE | |||
r-release-windows-x86_64 | 1.2.4 | 85.00 | 195.00 | 280.00 | NOTE | |
r-oldrel-macos-arm64 | 1.2.4 | 99.00 | NOTE | |||
r-oldrel-macos-x86_64 | 1.2.4 | 99.00 | NOTE | |||
r-oldrel-windows-x86_64 | 1.2.4 | 85.00 | 180.00 | 265.00 | OK |
Version: 1.2.4
Check: C++ specification
Result: NOTE
Specified C++11: please drop specification unless essential
Flavors: r-devel-linux-x86_64-debian-clang, r-devel-linux-x86_64-debian-gcc, r-devel-linux-x86_64-fedora-clang, r-devel-linux-x86_64-fedora-gcc, r-devel-windows-x86_64, r-patched-linux-x86_64, r-release-linux-x86_64, r-release-macos-arm64, r-release-macos-x86_64, r-release-windows-x86_64
Version: 1.2.4
Check: installed package size
Result: NOTE
installed size is 5.9Mb
sub-directories of 1Mb or more:
libs 4.8Mb
Flavors: r-release-macos-arm64, r-release-macos-x86_64, r-oldrel-macos-arm64, r-oldrel-macos-x86_64