Last updated on 2024-04-23 07:50:56 CEST.
Flavor | Version | Tinstall | Tcheck | Ttotal | Status | Flags |
---|---|---|---|---|---|---|
r-devel-linux-x86_64-debian-clang | 4.6.4 | 83.60 | 51.82 | 135.42 | OK | |
r-devel-linux-x86_64-debian-gcc | 4.6.4 | 80.13 | 38.11 | 118.24 | OK | |
r-devel-linux-x86_64-fedora-clang | 4.6.4 | 190.62 | OK | |||
r-devel-linux-x86_64-fedora-gcc | 4.6.4 | 212.22 | OK | |||
r-prerel-macos-arm64 | 4.6.4 | 47.00 | NOTE | |||
r-prerel-windows-x86_64 | 4.6.4 | 92.00 | 86.00 | 178.00 | OK | |
r-patched-linux-x86_64 | 4.6.4 | 102.56 | 48.14 | 150.70 | OK | |
r-release-linux-x86_64 | 4.6.4 | 91.50 | 49.76 | 141.26 | OK | |
r-release-macos-arm64 | 4.6.4 | 47.00 | NOTE | |||
r-release-macos-x86_64 | 4.6.4 | 91.00 | NOTE | |||
r-release-windows-x86_64 | 4.6.4 | 112.00 | 99.00 | 211.00 | OK | |
r-oldrel-macos-arm64 | 4.6.4 | 50.00 | NOTE | |||
r-oldrel-windows-x86_64 | 4.6.4 | 88.00 | 90.00 | 178.00 | OK |
Version: 4.6.4
Check: installed package size
Result: NOTE
installed size is 7.3Mb
sub-directories of 1Mb or more:
libs 6.8Mb
Flavors: r-prerel-macos-arm64, r-release-macos-arm64, r-release-macos-x86_64, r-oldrel-macos-arm64