Last updated on 2024-03-28 07:52:44 CET.
Flavor | Version | Tinstall | Tcheck | Ttotal | Status | Flags |
---|---|---|---|---|---|---|
r-devel-linux-x86_64-debian-clang | 1.6 | 13.77 | 168.20 | 181.97 | NOTE | |
r-devel-linux-x86_64-debian-gcc | 1.6 | 9.92 | 132.44 | 142.36 | NOTE | |
r-devel-linux-x86_64-fedora-clang | 1.6 | 226.35 | NOTE | |||
r-devel-linux-x86_64-fedora-gcc | 1.6 | 245.08 | NOTE | |||
r-devel-windows-x86_64 | 1.6 | 13.00 | 147.00 | 160.00 | NOTE | |
r-patched-linux-x86_64 | 1.6 | 12.14 | 165.95 | 178.09 | OK | |
r-release-linux-x86_64 | 1.6 | 13.34 | 168.73 | 182.07 | OK | |
r-release-macos-arm64 | 1.6 | 104.00 | OK | |||
r-release-macos-x86_64 | 1.6 | 161.00 | OK | |||
r-release-windows-x86_64 | 1.6 | 16.00 | 186.00 | 202.00 | OK | |
r-oldrel-macos-arm64 | 1.6 | 86.00 | OK | |||
r-oldrel-windows-x86_64 | 1.6 | 16.00 | 185.00 | 201.00 | OK |
Version: 1.6
Check: Rd files
Result: NOTE
checkRd: (-1) pQF.Rd:30: Lost braces; missing escapes or markup?
30 | When \code{M} is not square, a randomised estimator for the trace of \code{crossprod(M)^2} is used. This is the sample size. When \code{M} is of \code{"matrixfree"} and does not include the trace of {crossprod(M)} as a component, this sample size will also be used to compute that. See Hutchinson reference. }
| ^
Flavors: r-devel-linux-x86_64-debian-clang, r-devel-linux-x86_64-debian-gcc, r-devel-linux-x86_64-fedora-clang, r-devel-linux-x86_64-fedora-gcc, r-devel-windows-x86_64