Last updated on 2024-03-28 19:48:26 CET.
Flavor | Version | Tinstall | Tcheck | Ttotal | Status | Flags |
---|---|---|---|---|---|---|
r-devel-linux-x86_64-debian-clang | 1.8.5 | 4.45 | 52.67 | 57.12 | NOTE | |
r-devel-linux-x86_64-debian-gcc | 1.8.5 | 3.49 | 38.62 | 42.11 | NOTE | |
r-devel-linux-x86_64-fedora-clang | 1.8.5 | 70.91 | NOTE | |||
r-devel-linux-x86_64-fedora-gcc | 1.8.5 | 69.06 | NOTE | |||
r-devel-windows-x86_64 | 1.8.5 | 6.00 | 59.00 | 65.00 | NOTE | |
r-patched-linux-x86_64 | 1.8.5 | 4.72 | 49.38 | 54.10 | NOTE | |
r-release-linux-x86_64 | 1.8.5 | 4.39 | 49.68 | 54.07 | NOTE | |
r-release-macos-arm64 | 1.8.5 | 23.00 | NOTE | |||
r-release-macos-x86_64 | 1.8.5 | 36.00 | NOTE | |||
r-release-windows-x86_64 | 1.8.5 | 7.00 | 69.00 | 76.00 | NOTE | |
r-oldrel-macos-arm64 | 1.8.5 | 25.00 | OK | |||
r-oldrel-windows-x86_64 | 1.8.5 | 7.00 | 74.00 | 81.00 | OK |
Version: 1.8.5
Check: Rd files
Result: NOTE
checkRd: (-1) bgmm-package.Rd:23: Escaped LaTeX specials: \&
Flavors: r-devel-linux-x86_64-debian-clang, r-devel-linux-x86_64-debian-gcc, r-devel-linux-x86_64-fedora-clang, r-devel-linux-x86_64-fedora-gcc, r-devel-windows-x86_64, r-patched-linux-x86_64, r-release-linux-x86_64, r-release-macos-arm64, r-release-macos-x86_64, r-release-windows-x86_64