Last updated on 2023-05-28 20:03:52 CEST.
Flavor | Version | Tinstall | Tcheck | Ttotal | Status | Flags |
---|---|---|---|---|---|---|
r-devel-linux-x86_64-debian-clang | 1.1.3 | 157.96 | 175.96 | 333.92 | NOTE | |
r-devel-linux-x86_64-debian-gcc | 1.1.3 | 117.35 | 126.52 | 243.87 | NOTE | |
r-devel-linux-x86_64-fedora-clang | 1.1.3 | 460.30 | NOTE | |||
r-devel-linux-x86_64-fedora-gcc | 1.1.3 | 469.89 | NOTE | |||
r-devel-windows-x86_64 | 1.1.3 | 125.00 | 181.00 | 306.00 | NOTE | |
r-patched-linux-x86_64 | 1.1.3 | 133.12 | 167.91 | 301.03 | NOTE | |
r-release-linux-x86_64 | 1.1.3 | 124.57 | 168.26 | 292.83 | NOTE | |
r-release-macos-arm64 | 1.1.3 | 130.00 | NOTE | |||
r-release-macos-x86_64 | 1.1.3 | 200.00 | NOTE | |||
r-release-windows-x86_64 | 1.1.3 | 152.00 | 213.00 | 365.00 | NOTE | |
r-oldrel-macos-arm64 | 1.1.3 | 81.00 | NOTE | |||
r-oldrel-macos-x86_64 | 1.1.3 | 201.00 | NOTE | |||
r-oldrel-windows-x86_64 | 1.1.3 | 149.00 | 197.00 | 346.00 | OK |
Version: 1.1.3
Check: C++ specification
Result: NOTE
Specified C++14: please drop specification unless essential
Flavors: r-devel-linux-x86_64-debian-clang, r-devel-linux-x86_64-debian-gcc, r-devel-linux-x86_64-fedora-clang, r-devel-linux-x86_64-fedora-gcc, r-devel-windows-x86_64, r-patched-linux-x86_64, r-release-linux-x86_64, r-release-macos-arm64, r-release-macos-x86_64, r-release-windows-x86_64
Version: 1.1.3
Check: installed package size
Result: NOTE
installed size is 5.3Mb
sub-directories of 1Mb or more:
libs 4.9Mb
Flavors: r-release-macos-arm64, r-release-macos-x86_64, r-oldrel-macos-arm64, r-oldrel-macos-x86_64