Last updated on 2024-04-23 07:50:55 CEST.
Flavor | Version | Tinstall | Tcheck | Ttotal | Status | Flags |
---|---|---|---|---|---|---|
r-devel-linux-x86_64-debian-clang | 0.0.2 | 318.50 | 254.53 | 573.03 | NOTE | |
r-devel-linux-x86_64-debian-gcc | 0.0.2 | 298.85 | 220.12 | 518.97 | NOTE | |
r-devel-linux-x86_64-fedora-clang | 0.0.2 | 703.18 | NOTE | |||
r-devel-linux-x86_64-fedora-gcc | 0.0.2 | 882.09 | NOTE | |||
r-prerel-macos-arm64 | 0.0.2 | 175.00 | NOTE | |||
r-prerel-windows-x86_64 | 0.0.2 | 242.00 | 261.00 | 503.00 | NOTE | |
r-patched-linux-x86_64 | 0.0.2 | 231.20 | 294.01 | 525.21 | NOTE | |
r-release-linux-x86_64 | 0.0.2 | 0.01 | 2.32 | 2.33 | ERROR | |
r-release-macos-arm64 | 0.0.2 | 167.00 | NOTE | |||
r-release-macos-x86_64 | 0.0.2 | 288.00 | NOTE | |||
r-release-windows-x86_64 | 0.0.2 | 312.00 | 325.00 | 637.00 | NOTE | |
r-oldrel-macos-arm64 | 0.0.2 | 158.00 | NOTE | |||
r-oldrel-windows-x86_64 | 0.0.2 | 297.00 | 307.00 | 604.00 | NOTE |
Version: 0.0.2
Check: for GNU extensions in Makefiles
Result: NOTE
GNU make is a SystemRequirements.
Flavors: r-devel-linux-x86_64-debian-clang, r-devel-linux-x86_64-debian-gcc, r-devel-linux-x86_64-fedora-clang, r-devel-linux-x86_64-fedora-gcc, r-prerel-macos-arm64, r-prerel-windows-x86_64, r-patched-linux-x86_64, r-release-macos-arm64, r-release-macos-x86_64, r-release-windows-x86_64, r-oldrel-macos-arm64, r-oldrel-windows-x86_64
Version: 0.0.2
Check: dependencies in R code
Result: NOTE
Namespace in Imports field not imported from: ‘rstantools’
All declared Imports should be used.
Flavors: r-devel-linux-x86_64-fedora-clang, r-devel-linux-x86_64-fedora-gcc
Version: 0.0.2
Check: installed package size
Result: NOTE
installed size is 54.6Mb
sub-directories of 1Mb or more:
libs 54.2Mb
Flavors: r-prerel-macos-arm64, r-release-macos-arm64, r-release-macos-x86_64, r-oldrel-macos-arm64
Version: 0.0.2
Check: whether package can be installed
Result: ERROR
Installation failed.
Flavor: r-release-linux-x86_64