CRAN Package Check Results for Package belex

Last updated on 2023-12-03 19:48:26 CET.

Flavor Version Tinstall Tcheck Ttotal Status Flags
r-devel-linux-x86_64-debian-clang 0.1.0 1.93 20.63 22.56 NOTE
r-devel-linux-x86_64-debian-gcc 0.1.0 1.72 16.21 17.93 NOTE
r-devel-linux-x86_64-fedora-clang 0.1.0 28.92 NOTE
r-devel-linux-x86_64-fedora-gcc 0.1.0 28.91 NOTE
r-devel-windows-x86_64 0.1.0 3.00 36.00 39.00 NOTE
r-patched-linux-x86_64 0.1.0 1.70 20.25 21.95 NOTE
r-release-linux-x86_64 0.1.0 1.82 20.66 22.48 NOTE
r-release-macos-arm64 0.1.0 14.00 NOTE
r-release-macos-x86_64 0.1.0 19.00 NOTE
r-release-windows-x86_64 0.1.0 4.00 37.00 41.00 NOTE
r-oldrel-macos-arm64 0.1.0 16.00 NOTE
r-oldrel-macos-x86_64 0.1.0 20.00 NOTE
r-oldrel-windows-x86_64 0.1.0 3.00 40.00 43.00 NOTE

Check Details

Version: 0.1.0
Check: LazyData
Result: NOTE 'LazyData' is specified without a 'data' directory Flavors: r-devel-linux-x86_64-debian-clang, r-devel-linux-x86_64-debian-gcc, r-devel-linux-x86_64-fedora-clang, r-devel-linux-x86_64-fedora-gcc, r-devel-windows-x86_64, r-patched-linux-x86_64, r-release-linux-x86_64, r-release-macos-arm64, r-release-macos-x86_64, r-release-windows-x86_64, r-oldrel-macos-arm64, r-oldrel-macos-x86_64, r-oldrel-windows-x86_64