Last updated on 2025-01-23 19:49:19 CET.
Flavor | Version | Tinstall | Tcheck | Ttotal | Status | Flags |
---|---|---|---|---|---|---|
r-devel-linux-x86_64-debian-clang | 0.3.2 | 2.82 | 32.83 | 35.65 | OK | |
r-devel-linux-x86_64-debian-gcc | 0.3.2 | 2.41 | 25.23 | 27.64 | NOTE | |
r-devel-linux-x86_64-fedora-clang | 0.3.2 | 56.66 | OK | |||
r-devel-linux-x86_64-fedora-gcc | 0.3.2 | 53.87 | OK | |||
r-devel-windows-x86_64 | 0.3.2 | 6.00 | 57.00 | 63.00 | OK | |
r-patched-linux-x86_64 | 0.3.2 | 3.65 | 30.28 | 33.93 | OK | |
r-release-linux-x86_64 | 0.3.2 | 2.49 | 30.24 | 32.73 | OK | |
r-release-macos-arm64 | 0.3.2 | 27.00 | OK | |||
r-release-macos-x86_64 | 0.3.2 | 36.00 | OK | |||
r-release-windows-x86_64 | 0.3.2 | 5.00 | 57.00 | 62.00 | OK | |
r-oldrel-macos-arm64 | 0.3.2 | 27.00 | OK | |||
r-oldrel-macos-x86_64 | 0.3.2 | 40.00 | OK | |||
r-oldrel-windows-x86_64 | 0.3.2 | 6.00 | 62.00 | 68.00 | OK |
Version: 0.3.2
Check: DESCRIPTION meta-information
Result: NOTE
Missing dependency on R >= 4.1.0 because package code uses the pipe
|> or function shorthand \(...) syntax added in R 4.1.0.
File(s) using such syntax:
‘fitting.R’ ‘fivetrial.R’ ‘mcq.R’ ‘utils.R’
Flavor: r-devel-linux-x86_64-debian-gcc