Last updated on 2023-09-28 08:58:45 CEST.
Flavor | Version | Tinstall | Tcheck | Ttotal | Status | Flags |
---|---|---|---|---|---|---|
r-devel-linux-x86_64-debian-clang | 0.1.0 | 14.12 | 112.21 | 126.33 | OK | |
r-devel-linux-x86_64-debian-gcc | 0.1.0 | 8.87 | 84.82 | 93.69 | OK | |
r-devel-linux-x86_64-fedora-clang | 0.1.0 | 149.40 | NOTE | |||
r-devel-linux-x86_64-fedora-gcc | 0.1.0 | 155.77 | NOTE | |||
r-devel-windows-x86_64 | 0.1.0 | 12.00 | 93.00 | 105.00 | OK | |
r-patched-linux-x86_64 | 0.1.0 | 14.05 | 106.78 | 120.83 | OK | |
r-release-linux-x86_64 | 0.1.0 | 8.43 | 108.71 | 117.14 | OK | |
r-release-macos-arm64 | 0.1.0 | 48.00 | OK | |||
r-release-macos-x86_64 | 0.1.0 | 77.00 | OK | |||
r-release-windows-x86_64 | 0.1.0 | 15.00 | 116.00 | 131.00 | OK | |
r-oldrel-macos-arm64 | 0.1.0 | 53.00 | NOTE | |||
r-oldrel-macos-x86_64 | 0.1.0 | 88.00 | NOTE | |||
r-oldrel-windows-x86_64 | 0.1.0 | 16.00 | 118.00 | 134.00 | OK |
Version: 0.1.0
Check: dependencies in R code
Result: NOTE
Namespaces in Imports field not imported from:
‘ggfortify’ ‘ggplot2’ ‘matrixStats’ ‘reshape2’ ‘scales’
All declared Imports should be used.
Flavors: r-devel-linux-x86_64-fedora-clang, r-devel-linux-x86_64-fedora-gcc, r-oldrel-macos-arm64, r-oldrel-macos-x86_64