Last updated on 2024-04-18 08:54:22 CEST.
Flavor | Version | Tinstall | Tcheck | Ttotal | Status | Flags |
---|---|---|---|---|---|---|
r-devel-linux-x86_64-debian-clang | 1.0.1 | 217.24 | 61.91 | 279.15 | NOTE | |
r-devel-linux-x86_64-debian-gcc | 1.0.1 | 184.08 | 44.10 | 228.18 | NOTE | |
r-devel-linux-x86_64-fedora-clang | 1.0.1 | 417.74 | NOTE | |||
r-devel-linux-x86_64-fedora-gcc | 1.0.1 | 452.15 | NOTE | |||
r-prerel-macos-arm64 | 1.0.1 | 87.00 | NOTE | |||
r-prerel-windows-x86_64 | 1.0.1 | 186.00 | 101.00 | 287.00 | NOTE | |
r-patched-linux-x86_64 | 1.0.1 | 223.67 | 57.03 | 280.70 | NOTE | |
r-release-linux-x86_64 | 1.0.1 | 225.84 | 55.80 | 281.64 | NOTE | |
r-release-macos-arm64 | 1.0.1 | 107.00 | NOTE | |||
r-release-macos-x86_64 | 1.0.1 | 216.00 | NOTE | |||
r-release-windows-x86_64 | 1.0.1 | 234.00 | 121.00 | 355.00 | NOTE | |
r-oldrel-macos-arm64 | 1.0.1 | 91.00 | NOTE | |||
r-oldrel-windows-x86_64 | 1.0.1 | 224.00 | 121.00 | 345.00 | NOTE |
Version: 1.0.1
Check: C++ specification
Result: NOTE
Specified C++11: please drop specification unless essential
Flavors: r-devel-linux-x86_64-debian-clang, r-devel-linux-x86_64-debian-gcc, r-devel-linux-x86_64-fedora-clang, r-devel-linux-x86_64-fedora-gcc, r-prerel-macos-arm64, r-prerel-windows-x86_64, r-patched-linux-x86_64, r-release-linux-x86_64, r-release-macos-arm64, r-release-macos-x86_64, r-release-windows-x86_64
Version: 1.0.1
Check: Rd files
Result: NOTE
checkRd: (-1) predict.bayeslm.fit.Rd:18: Lost braces; missing escapes or markup?
18 | \item{X }{ If call \code{bayeslm} with matrices input \code{x} and {y} but not formula, pass new matrix to predict here. See example for details.}
| ^
Flavors: r-devel-linux-x86_64-debian-clang, r-devel-linux-x86_64-debian-gcc, r-devel-linux-x86_64-fedora-clang, r-devel-linux-x86_64-fedora-gcc, r-prerel-macos-arm64, r-prerel-windows-x86_64, r-patched-linux-x86_64
Version: 1.0.1
Check: for GNU extensions in Makefiles
Result: NOTE
GNU make is a SystemRequirements.
Flavors: r-devel-linux-x86_64-debian-clang, r-devel-linux-x86_64-debian-gcc, r-devel-linux-x86_64-fedora-clang, r-devel-linux-x86_64-fedora-gcc, r-prerel-macos-arm64, r-prerel-windows-x86_64, r-patched-linux-x86_64, r-release-linux-x86_64, r-release-macos-arm64, r-release-macos-x86_64, r-release-windows-x86_64, r-oldrel-macos-arm64, r-oldrel-windows-x86_64
Version: 1.0.1
Check: installed package size
Result: NOTE
installed size is 8.3Mb
sub-directories of 1Mb or more:
libs 8.1Mb
Flavors: r-prerel-macos-arm64, r-release-macos-arm64, r-release-macos-x86_64, r-oldrel-macos-arm64