Last updated on 2024-04-17 19:58:32 CEST.
Flavor | Version | Tinstall | Tcheck | Ttotal | Status | Flags |
---|---|---|---|---|---|---|
r-devel-linux-x86_64-debian-clang | 0.6-1 | 91.24 | 115.43 | 206.67 | OK | |
r-devel-linux-x86_64-debian-gcc | 0.6-1 | 67.58 | 90.33 | 157.91 | OK | |
r-devel-linux-x86_64-fedora-clang | 0.6-1 | 269.70 | OK | |||
r-devel-linux-x86_64-fedora-gcc | 0.6-1 | 285.62 | OK | |||
r-prerel-macos-arm64 | 0.6-1 | 78.00 | NOTE | |||
r-prerel-windows-x86_64 | 0.6-1 | 65.00 | 152.00 | 217.00 | OK | |
r-patched-linux-x86_64 | 0.6-1 | 83.37 | 115.38 | 198.75 | OK | |
r-release-linux-x86_64 | 0.6-1 | 82.36 | 112.13 | 194.49 | OK | |
r-release-macos-arm64 | 0.6-1 | 90.00 | NOTE | |||
r-release-macos-x86_64 | 0.6-1 | 150.00 | NOTE | |||
r-release-windows-x86_64 | 0.6-1 | 84.00 | 169.00 | 253.00 | OK | |
r-oldrel-macos-arm64 | 0.6-1 | 78.00 | NOTE | |||
r-oldrel-windows-x86_64 | 0.6-1 | 80.00 | 162.00 | 242.00 | OK |
Version: 0.6-1
Check: installed package size
Result: NOTE
installed size is 7.8Mb
sub-directories of 1Mb or more:
data 2.7Mb
libs 4.3Mb
Flavors: r-prerel-macos-arm64, r-release-macos-arm64, r-release-macos-x86_64, r-oldrel-macos-arm64