CRAN Package Check Results for Package bayMDS

Last updated on 2023-06-05 08:53:22 CEST.

Flavor Version Tinstall Tcheck Ttotal Status Flags
r-devel-linux-x86_64-debian-clang 2.0 35.02 47.15 82.17 NOTE
r-devel-linux-x86_64-debian-gcc 2.0 28.70 36.34 65.04 NOTE
r-devel-linux-x86_64-fedora-clang 2.0 118.16 NOTE
r-devel-linux-x86_64-fedora-gcc 2.0 115.47 NOTE
r-devel-windows-x86_64 2.0 31.00 76.00 107.00 NOTE
r-patched-linux-x86_64 2.0 27.55 45.41 72.96 NOTE
r-release-linux-x86_64 2.0 28.10 46.11 74.21 NOTE
r-release-macos-arm64 2.0 39.00 NOTE
r-release-macos-x86_64 2.0 54.00 NOTE
r-release-windows-x86_64 2.0 39.00 91.00 130.00 NOTE
r-oldrel-macos-arm64 2.0 42.00 OK
r-oldrel-macos-x86_64 2.0 43.00 OK
r-oldrel-windows-x86_64 2.0 38.00 88.00 126.00 OK

Check Details

Version: 2.0
Check: C++ specification
Result: NOTE
     Specified C++11: please drop specification unless essential
Flavors: r-devel-linux-x86_64-debian-clang, r-devel-linux-x86_64-debian-gcc, r-devel-linux-x86_64-fedora-clang, r-devel-linux-x86_64-fedora-gcc, r-devel-windows-x86_64, r-patched-linux-x86_64, r-release-linux-x86_64, r-release-macos-arm64, r-release-macos-x86_64, r-release-windows-x86_64