Last updated on 2024-03-28 19:48:25 CET.
Flavor | Version | Tinstall | Tcheck | Ttotal | Status | Flags |
---|---|---|---|---|---|---|
r-devel-linux-x86_64-debian-clang | 2.1.0 | 319.49 | 267.10 | 586.59 | OK | |
r-devel-linux-x86_64-debian-gcc | 2.1.0 | 241.38 | 171.68 | 413.06 | OK | |
r-devel-linux-x86_64-fedora-clang | 2.1.0 | 961.03 | OK | |||
r-devel-linux-x86_64-fedora-gcc | 2.1.0 | 780.08 | OK | |||
r-devel-windows-x86_64 | 2.1.0 | 244.00 | 224.00 | 468.00 | OK | |
r-patched-linux-x86_64 | 2.1.0 | 315.11 | 213.33 | 528.44 | OK | |
r-release-linux-x86_64 | 2.1.0 | 298.42 | 224.66 | 523.08 | OK | |
r-release-macos-arm64 | 2.1.0 | 155.00 | NOTE | |||
r-release-macos-x86_64 | 2.1.0 | 258.00 | NOTE | |||
r-release-windows-x86_64 | 2.1.0 | 307.00 | 259.00 | 566.00 | OK | |
r-oldrel-macos-arm64 | 2.1.0 | 153.00 | NOTE | |||
r-oldrel-windows-x86_64 | 2.1.0 | 299.00 | 250.00 | 549.00 | OK |
Version: 2.1.0
Check: installed package size
Result: NOTE
installed size is 12.9Mb
sub-directories of 1Mb or more:
libs 12.5Mb
Flavors: r-release-macos-arm64, r-release-macos-x86_64, r-oldrel-macos-arm64