Last updated on 2023-09-24 20:00:18 CEST.
Flavor | Version | Tinstall | Tcheck | Ttotal | Status | Flags |
---|---|---|---|---|---|---|
r-devel-linux-x86_64-debian-clang | 1.0.2 | 22.88 | 136.62 | 159.50 | NOTE | |
r-devel-linux-x86_64-debian-gcc | 1.0.2 | 19.57 | 100.71 | 120.28 | NOTE | |
r-devel-linux-x86_64-fedora-clang | 1.0.2 | 198.19 | NOTE | |||
r-devel-linux-x86_64-fedora-gcc | 1.0.2 | 203.80 | NOTE | |||
r-devel-windows-x86_64 | 1.0.2 | 20.00 | 129.00 | 149.00 | NOTE | |
r-patched-linux-x86_64 | 1.0.2 | 30.03 | 132.80 | 162.83 | NOTE | |
r-release-linux-x86_64 | 1.0.2 | 18.89 | 132.85 | 151.74 | NOTE | |
r-release-macos-arm64 | 1.0.2 | 73.00 | NOTE | |||
r-release-macos-x86_64 | 1.0.2 | 109.00 | NOTE | |||
r-release-windows-x86_64 | 1.0.2 | 28.00 | 154.00 | 182.00 | NOTE | |
r-oldrel-macos-arm64 | 1.0.2 | 54.00 | OK | |||
r-oldrel-macos-x86_64 | 1.0.2 | 73.00 | OK | |||
r-oldrel-windows-x86_64 | 1.0.2 | 28.00 | 141.00 | 169.00 | OK |
Version: 1.0.2
Check: package subdirectories
Result: NOTE
Problems with news in ‘NEWS.md’:
Cannot extract version info from the following section titles:
Earlier versions
Flavors: r-devel-linux-x86_64-debian-clang, r-devel-linux-x86_64-debian-gcc, r-devel-linux-x86_64-fedora-clang, r-devel-linux-x86_64-fedora-gcc, r-devel-windows-x86_64, r-patched-linux-x86_64, r-release-linux-x86_64, r-release-macos-arm64, r-release-macos-x86_64, r-release-windows-x86_64