Last updated on 2023-06-04 19:53:03 CEST.
Flavor | Version | Tinstall | Tcheck | Ttotal | Status | Flags |
---|---|---|---|---|---|---|
r-devel-linux-x86_64-debian-clang | 1.1 | 37.59 | 340.02 | 377.61 | OK | |
r-devel-linux-x86_64-debian-gcc | 1.1 | 27.80 | 255.92 | 283.72 | OK | |
r-devel-linux-x86_64-fedora-clang | 1.1 | 487.82 | OK | |||
r-devel-linux-x86_64-fedora-gcc | 1.1 | 501.60 | OK | |||
r-devel-windows-x86_64 | 1.1 | 31.00 | 251.00 | 282.00 | OK | |
r-patched-linux-x86_64 | 1.1 | 35.59 | 327.09 | 362.68 | OK | |
r-release-linux-x86_64 | 1.1 | 31.72 | 325.26 | 356.98 | OK | |
r-release-macos-arm64 | 1.1 | 139.00 | NOTE | |||
r-release-macos-x86_64 | 1.1 | 250.00 | NOTE | |||
r-release-windows-x86_64 | 1.1 | 46.00 | 340.00 | 386.00 | OK | |
r-oldrel-macos-arm64 | 1.1 | 120.00 | NOTE | |||
r-oldrel-macos-x86_64 | 1.1 | 157.00 | NOTE | |||
r-oldrel-windows-x86_64 | 1.1 | 42.00 | 313.00 | 355.00 | OK |
Version: 1.1
Check: package dependencies
Result: NOTE
Package suggested but not available for checking: ‘ArrayExpress’
Flavors: r-release-macos-arm64, r-release-macos-x86_64, r-oldrel-macos-arm64, r-oldrel-macos-x86_64